{"id":152,"date":"2025-04-07T17:08:33","date_gmt":"2025-04-07T15:08:33","guid":{"rendered":"https:\/\/www.dev-sli.fr\/avocat-garnier\/?page_id=152"},"modified":"2025-08-01T09:43:43","modified_gmt":"2025-08-01T07:43:43","slug":"cabinets","status":"publish","type":"page","link":"https:\/\/www.dev-sli.fr\/avocat-garnier\/cabinets\/","title":{"rendered":"Cabinets"},"content":{"rendered":"\t\t<div data-elementor-type=\"wp-page\" data-elementor-id=\"152\" class=\"elementor elementor-152\">\n\t\t\t\t<div class=\"elementor-element elementor-element-fd6f2e6 e-flex e-con-boxed e-con e-parent\" data-id=\"fd6f2e6\" data-element_type=\"container\">\n\t\t\t\t\t<div class=\"e-con-inner\">\n\t\t\t\t<div class=\"elementor-element elementor-element-8ba2ab1 elementor-widget elementor-widget-heading\" data-id=\"8ba2ab1\" data-element_type=\"widget\" data-widget_type=\"heading.default\">\n\t\t\t\t<div class=\"elementor-widget-container\">\n\t\t\t\t\t<h1 class=\"elementor-heading-title elementor-size-default\">D\u00e9couvrez nos cabinets d\u2019avocats en Haute-Savoie (74)<\/h1>\t\t\t\t<\/div>\n\t\t\t\t<\/div>\n\t\t\t\t<div class=\"elementor-element elementor-element-0c409a6 elementor-widget elementor-widget-text-editor\" data-id=\"0c409a6\" data-element_type=\"widget\" data-widget_type=\"text-editor.default\">\n\t\t\t\t<div class=\"elementor-widget-container\">\n\t\t\t\t\t\t\t\t\t<div class=\"wpb_text_column wpb_content_element wpb_animate_when_almost_visible wpb_top-to-bottom top-to-bottom wpb_start_animation animated\"><div class=\"wpb_wrapper\"><p><strong>Ma\u00eetre Fran\u00e7ois-Philippe GARNIER<\/strong> vous accueille dans l\u2019un de ses 2 bureaux situ\u00e9s \u00e0 <strong>Saint-Julien-en-Genevois<\/strong> ou \u00e0 <strong>Frangy<\/strong> dans le d\u00e9partement de la <strong>Haute-Savoie<\/strong>.<\/p><p>Que vous ayez besoin de r\u00e9ponses en affaires civiles, commerciales ou sociales, rassurez-vous d\u2019\u00eatre suivis et \u00e9cout\u00e9s depuis votre premier rendez-vous avec votre avocat.<\/p><p>Que ce soit en <a href=\"https:\/\/www.dev-sli.fr\/avocat-garnier\/droit-des-personnes-et-de-la-famille\/\">droit de la famille<\/a>, <a href=\"https:\/\/www.dev-sli.fr\/avocat-garnier\/droit-des-affaires\/\">droit des affaires<\/a>, <a href=\"https:\/\/www.dev-sli.fr\/avocat-garnier\/droit-du-travail\/\">droit du travail<\/a>, <a href=\"https:\/\/www.dev-sli.fr\/avocat-garnier\/droit-administratif\/\">droit administratif<\/a> ou <a href=\"https:\/\/www.dev-sli.fr\/avocat-garnier\/droit-de-limmobilier\/\">droit immobilier<\/a>, nous d\u00e9fendons vos droits et vous repr\u00e9sentons que vous soyez un particulier ou un professionnel.<\/p><p>Nous sommes tr\u00e8s fiers de notre capacit\u00e9 \u00e0 r\u00e9soudre les probl\u00e8mes juridiques les plus difficiles et sommes l\u00e0 pour rendre vos probl\u00e8mes juridiques familiaux ou financiers aussi simples et faciles que possible.<\/p><p>Appelez-nous simplement ou remplissez le formulaire de contact pour faire le premier pas vers votre r\u00e9solution juridique.<\/p><\/div><\/div>\t\t\t\t\t\t\t\t<\/div>\n\t\t\t\t<\/div>\n\t\t\t\t\t<\/div>\n\t\t\t\t<\/div>\n\t\t<div class=\"elementor-element elementor-element-cc9e86d e-con-full e-flex e-con e-parent\" data-id=\"cc9e86d\" data-element_type=\"container\">\n\t\t<div class=\"elementor-element elementor-element-7a63693 e-con-full e-flex e-con e-child\" data-id=\"7a63693\" data-element_type=\"container\">\n\t\t\t\t<div class=\"elementor-element elementor-element-b2e3bd4 elementor-widget elementor-widget-image\" data-id=\"b2e3bd4\" data-element_type=\"widget\" data-widget_type=\"image.default\">\n\t\t\t\t<div class=\"elementor-widget-container\">\n\t\t\t\t\t\t\t\t\t\t\t\t<figure class=\"wp-caption\">\n\t\t\t\t\t\t\t\t\t\t<img fetchpriority=\"high\" decoding=\"async\" width=\"1000\" height=\"668\" src=\"https:\/\/www.dev-sli.fr\/avocat-garnier\/wp-content\/uploads\/2025\/04\/cabinet-de-saint-julien-1_BW.jpg\" class=\"attachment-1536x1536 size-1536x1536 wp-image-787\" alt=\"\" srcset=\"https:\/\/www.dev-sli.fr\/avocat-garnier\/wp-content\/uploads\/2025\/04\/cabinet-de-saint-julien-1_BW.jpg 1000w, https:\/\/www.dev-sli.fr\/avocat-garnier\/wp-content\/uploads\/2025\/04\/cabinet-de-saint-julien-1_BW-300x200.jpg 300w, https:\/\/www.dev-sli.fr\/avocat-garnier\/wp-content\/uploads\/2025\/04\/cabinet-de-saint-julien-1_BW-768x513.jpg 768w\" sizes=\"(max-width: 1000px) 100vw, 1000px\" \/>\t\t\t\t\t\t\t\t\t\t\t<figcaption class=\"widget-image-caption wp-caption-text\">Cabinet de Saint-Julien-en-Genevois<\/figcaption>\n\t\t\t\t\t\t\t\t\t\t<\/figure>\n\t\t\t\t\t\t\t\t\t<\/div>\n\t\t\t\t<\/div>\n\t\t\t\t<\/div>\n\t\t<div class=\"elementor-element elementor-element-9e5a605 e-con-full e-flex e-con e-child\" data-id=\"9e5a605\" data-element_type=\"container\">\n\t\t\t\t<div class=\"elementor-element elementor-element-a8b176d elementor-widget elementor-widget-image\" data-id=\"a8b176d\" data-element_type=\"widget\" data-widget_type=\"image.default\">\n\t\t\t\t<div class=\"elementor-widget-container\">\n\t\t\t\t\t\t\t\t\t\t\t\t<figure class=\"wp-caption\">\n\t\t\t\t\t\t\t\t\t\t<img decoding=\"async\" width=\"1000\" height=\"668\" src=\"https:\/\/www.dev-sli.fr\/avocat-garnier\/wp-content\/uploads\/2025\/04\/cabinet-de-frangy_BW.jpg\" class=\"attachment-1536x1536 size-1536x1536 wp-image-786\" alt=\"\" srcset=\"https:\/\/www.dev-sli.fr\/avocat-garnier\/wp-content\/uploads\/2025\/04\/cabinet-de-frangy_BW.jpg 1000w, https:\/\/www.dev-sli.fr\/avocat-garnier\/wp-content\/uploads\/2025\/04\/cabinet-de-frangy_BW-300x200.jpg 300w, https:\/\/www.dev-sli.fr\/avocat-garnier\/wp-content\/uploads\/2025\/04\/cabinet-de-frangy_BW-768x513.jpg 768w\" sizes=\"(max-width: 1000px) 100vw, 1000px\" \/>\t\t\t\t\t\t\t\t\t\t\t<figcaption class=\"widget-image-caption wp-caption-text\">Cabinet de Frangy<\/figcaption>\n\t\t\t\t\t\t\t\t\t\t<\/figure>\n\t\t\t\t\t\t\t\t\t<\/div>\n\t\t\t\t<\/div>\n\t\t\t\t<\/div>\n\t\t\t\t<\/div>\n\t\t\t\t<\/div>\n\t\t","protected":false},"excerpt":{"rendered":"<p>D\u00e9couvrez nos cabinets d\u2019avocats en Haute-Savoie (74) Ma\u00eetre Fran\u00e7ois-Philippe GARNIER vous accueille dans l\u2019un de ses 2 bureaux situ\u00e9s \u00e0 Saint-Julien-en-Genevois ou \u00e0 Frangy dans le d\u00e9partement de la Haute-Savoie. Que vous ayez besoin de r\u00e9ponses en affaires civiles, commerciales ou sociales, rassurez-vous d\u2019\u00eatre suivis et \u00e9cout\u00e9s depuis votre premier rendez-vous avec votre avocat. Que [&hellip;]<\/p>\n","protected":false},"author":1,"featured_media":0,"parent":0,"menu_order":0,"comment_status":"closed","ping_status":"closed","template":"","meta":{"footnotes":""},"class_list":["post-152","page","type-page","status-publish","hentry"],"_links":{"self":[{"href":"https:\/\/www.dev-sli.fr\/avocat-garnier\/wp-json\/wp\/v2\/pages\/152","targetHints":{"allow":["GET"]}}],"collection":[{"href":"https:\/\/www.dev-sli.fr\/avocat-garnier\/wp-json\/wp\/v2\/pages"}],"about":[{"href":"https:\/\/www.dev-sli.fr\/avocat-garnier\/wp-json\/wp\/v2\/types\/page"}],"author":[{"embeddable":true,"href":"https:\/\/www.dev-sli.fr\/avocat-garnier\/wp-json\/wp\/v2\/users\/1"}],"replies":[{"embeddable":true,"href":"https:\/\/www.dev-sli.fr\/avocat-garnier\/wp-json\/wp\/v2\/comments?post=152"}],"version-history":[{"count":22,"href":"https:\/\/www.dev-sli.fr\/avocat-garnier\/wp-json\/wp\/v2\/pages\/152\/revisions"}],"predecessor-version":[{"id":1464,"href":"https:\/\/www.dev-sli.fr\/avocat-garnier\/wp-json\/wp\/v2\/pages\/152\/revisions\/1464"}],"wp:attachment":[{"href":"https:\/\/www.dev-sli.fr\/avocat-garnier\/wp-json\/wp\/v2\/media?parent=152"}],"curies":[{"name":"wp","href":"https:\/\/api.w.org\/{rel}","templated":true}]}}

<div data-elementor-type="wp-page" data-elementor-id="152" class="elementor elementor-152">
				<div class="elementor-element elementor-element-fd6f2e6 e-flex e-con-boxed e-con e-parent" data-id="fd6f2e6" data-element_type="container">
					<div class="e-con-inner">
				<div class="elementor-element elementor-element-8ba2ab1 elementor-widget elementor-widget-heading" data-id="8ba2ab1" data-element_type="widget" data-widget_type="heading.default">
				<div class="elementor-widget-container">
					<h1 class="elementor-heading-title elementor-size-default">Découvrez nos cabinets d’avocats en Haute-Savoie (74)</h1>				</div>
				</div>
				<div class="elementor-element elementor-element-0c409a6 elementor-widget elementor-widget-text-editor" data-id="0c409a6" data-element_type="widget" data-widget_type="text-editor.default">
				<div class="elementor-widget-container">
									<div class="wpb_text_column wpb_content_element wpb_animate_when_almost_visible wpb_top-to-bottom top-to-bottom wpb_start_animation animated"><div class="wpb_wrapper"><p><strong>Maître François-Philippe GARNIER</strong> vous accueille dans l’un de ses 2 bureaux situés à <strong>Saint-Julien-en-Genevois</strong> ou à <strong>Frangy</strong> dans le département de la <strong>Haute-Savoie</strong>.</p><p>Que vous ayez besoin de réponses en affaires civiles, commerciales ou sociales, rassurez-vous d’être suivis et écoutés depuis votre premier rendez-vous avec votre avocat.</p><p>Que ce soit en <a href="https://www.dev-sli.fr/avocat-garnier/droit-des-personnes-et-de-la-famille/">droit de la famille</a>, <a href="https://www.dev-sli.fr/avocat-garnier/droit-des-affaires/">droit des affaires</a>, <a href="https://www.dev-sli.fr/avocat-garnier/droit-du-travail/">droit du travail</a>, <a href="https://www.dev-sli.fr/avocat-garnier/droit-administratif/">droit administratif</a> ou <a href="https://www.dev-sli.fr/avocat-garnier/droit-de-limmobilier/">droit immobilier</a>, nous défendons vos droits et vous représentons que vous soyez un particulier ou un professionnel.</p><p>Nous sommes très fiers de notre capacité à résoudre les problèmes juridiques les plus difficiles et sommes là pour rendre vos problèmes juridiques familiaux ou financiers aussi simples et faciles que possible.</p><p>Appelez-nous simplement ou remplissez le formulaire de contact pour faire le premier pas vers votre résolution juridique.</p></div></div>								</div>
				</div>
					</div>
				</div>
		<div class="elementor-element elementor-element-cc9e86d e-con-full e-flex e-con e-parent" data-id="cc9e86d" data-element_type="container">
		<div class="elementor-element elementor-element-7a63693 e-con-full e-flex e-con e-child" data-id="7a63693" data-element_type="container">
				<div class="elementor-element elementor-element-b2e3bd4 elementor-widget elementor-widget-image" data-id="b2e3bd4" data-element_type="widget" data-widget_type="image.default">
				<div class="elementor-widget-container">
												<figure class="wp-caption">
										<img fetchpriority="high" decoding="async" width="1000" height="668" src="https://www.dev-sli.fr/avocat-garnier/wp-content/uploads/2025/04/cabinet-de-saint-julien-1_BW.jpg" class="attachment-1536x1536 size-1536x1536 wp-image-787" alt="" srcset="https://www.dev-sli.fr/avocat-garnier/wp-content/uploads/2025/04/cabinet-de-saint-julien-1_BW.jpg 1000w, https://www.dev-sli.fr/avocat-garnier/wp-content/uploads/2025/04/cabinet-de-saint-julien-1_BW-300x200.jpg 300w, https://www.dev-sli.fr/avocat-garnier/wp-content/uploads/2025/04/cabinet-de-saint-julien-1_BW-768x513.jpg 768w" sizes="(max-width: 1000px) 100vw, 1000px" />											<figcaption class="widget-image-caption wp-caption-text">Cabinet de Saint-Julien-en-Genevois</figcaption>
										</figure>
									</div>
				</div>
				</div>
		<div class="elementor-element elementor-element-9e5a605 e-con-full e-flex e-con e-child" data-id="9e5a605" data-element_type="container">
				<div class="elementor-element elementor-element-a8b176d elementor-widget elementor-widget-image" data-id="a8b176d" data-element_type="widget" data-widget_type="image.default">
				<div class="elementor-widget-container">
												<figure class="wp-caption">
										<img decoding="async" width="1000" height="668" src="https://www.dev-sli.fr/avocat-garnier/wp-content/uploads/2025/04/cabinet-de-frangy_BW.jpg" class="attachment-1536x1536 size-1536x1536 wp-image-786" alt="" srcset="https://www.dev-sli.fr/avocat-garnier/wp-content/uploads/2025/04/cabinet-de-frangy_BW.jpg 1000w, https://www.dev-sli.fr/avocat-garnier/wp-content/uploads/2025/04/cabinet-de-frangy_BW-300x200.jpg 300w, https://www.dev-sli.fr/avocat-garnier/wp-content/uploads/2025/04/cabinet-de-frangy_BW-768x513.jpg 768w" sizes="(max-width: 1000px) 100vw, 1000px" />											<figcaption class="widget-image-caption wp-caption-text">Cabinet de Frangy</figcaption>
										</figure>
									</div>
				</div>
				</div>
				</div>
				</div>

<p>Découvrez nos cabinets d’avocats en Haute-Savoie (74) Maître François-Philippe GARNIER vous accueille dans l’un de ses 2 bureaux situés à Saint-Julien-en-Genevois ou à Frangy dans le département de la Haute-Savoie. Que vous ayez besoin de réponses en affaires civiles, commerciales ou sociales, rassurez-vous d’être suivis et écoutés depuis votre premier rendez-vous avec votre avocat. Que [&hellip;]</p>
