{"id":158,"date":"2025-04-07T17:09:44","date_gmt":"2025-04-07T15:09:44","guid":{"rendered":"https:\/\/www.dev-sli.fr\/avocat-garnier\/?page_id=158"},"modified":"2025-08-01T09:40:09","modified_gmt":"2025-08-01T07:40:09","slug":"droit-administratif","status":"publish","type":"page","link":"https:\/\/www.dev-sli.fr\/avocat-garnier\/droit-administratif\/","title":{"rendered":"Droit administratif"},"content":{"rendered":"\t\t<div data-elementor-type=\"wp-page\" data-elementor-id=\"158\" class=\"elementor elementor-158\">\n\t\t\t\t<div class=\"elementor-element elementor-element-5f11b2b e-flex e-con-boxed e-con e-parent\" data-id=\"5f11b2b\" data-element_type=\"container\">\n\t\t\t\t\t<div class=\"e-con-inner\">\n\t\t\t\t<div class=\"elementor-element elementor-element-5391785 elementor-widget elementor-widget-heading\" data-id=\"5391785\" data-element_type=\"widget\" data-widget_type=\"heading.default\">\n\t\t\t\t<div class=\"elementor-widget-container\">\n\t\t\t\t\t<h1 class=\"elementor-heading-title elementor-size-default\">Ma\u00eetre Garnier, avocat sp\u00e9cialiste droit administratif et de l'urbanisme<\/h1>\t\t\t\t<\/div>\n\t\t\t\t<\/div>\n\t\t\t\t<div class=\"elementor-element elementor-element-f8f1cd2 elementor-widget elementor-widget-text-editor\" data-id=\"f8f1cd2\" data-element_type=\"widget\" data-widget_type=\"text-editor.default\">\n\t\t\t\t<div class=\"elementor-widget-container\">\n\t\t\t\t\t\t\t\t\t<div class=\"wpb_text_column wpb_content_element wpb_animate_when_almost_visible wpb_top-to-bottom top-to-bottom wpb_start_animation animated\"><div class=\"wpb_wrapper\"><p>Vous h\u00e9sitez \u00e0 remettre votre affaire de droit administratif ou d&rsquo;urbanisme \u00e0 n\u2019importe quel avocat ? En effet, ces affaires sont souvent complexes, d\u00e9licates. Elles exigent une profonde connaissance du droit afin de les mener \u00e0 bien. Pour tous vos dossiers et litiges relatifs au droit administratif ou d&rsquo;urbanisme, b\u00e9n\u00e9ficiez de l\u2019exp\u00e9rience et des conseils juridiques d\u2019un cabinet d\u2019avocats aguerris.<\/p><p><strong>Ma\u00eetre Fran\u00e7ois-Philippe Garnier<\/strong>, avocat depuis plus de 30 ans et son \u00e9quipe vous accueillent au sein de l\u2019un de nos 2 cabinets, situ\u00e9s dans le d\u00e9partement de la <strong>Haute-Savoie.<\/strong> Nous vous accueillons \u00e0 <strong>Saint-Julien-en-Genevois<\/strong> et <strong>Frangy<\/strong>. Nous vous partageons nos connaissances juridiques, et vous faisons b\u00e9n\u00e9ficier d\u2019une prise en charge et d\u2019un accompagnement personnalis\u00e9s. Soumettez-nous votre cas sans plus attendre, nous vous aiderons \u00e0 faire valoir vos droits.<\/p><\/div><\/div>\t\t\t\t\t\t\t\t<\/div>\n\t\t\t\t<\/div>\n\t\t\t\t\t<\/div>\n\t\t\t\t<\/div>\n\t\t<div class=\"elementor-element elementor-element-14cd535 e-flex e-con-boxed e-con e-parent\" data-id=\"14cd535\" data-element_type=\"container\" data-settings=\"{&quot;background_background&quot;:&quot;classic&quot;}\">\n\t\t\t\t\t<div class=\"e-con-inner\">\n\t\t\t\t\t<\/div>\n\t\t\t\t<\/div>\n\t\t<div class=\"elementor-element elementor-element-d71b853 e-flex e-con-boxed e-con e-parent\" data-id=\"d71b853\" data-element_type=\"container\">\n\t\t\t\t\t<div class=\"e-con-inner\">\n\t\t<div class=\"elementor-element elementor-element-0b490d4 e-grid e-con-full e-con e-child\" data-id=\"0b490d4\" data-element_type=\"container\">\n\t\t<div class=\"elementor-element elementor-element-1ea9c8a e-con-full e-flex e-con e-child\" data-id=\"1ea9c8a\" data-element_type=\"container\">\n\t\t\t\t<div class=\"elementor-element elementor-element-6de4c19 elementor-widget elementor-widget-image\" data-id=\"6de4c19\" data-element_type=\"widget\" data-widget_type=\"image.default\">\n\t\t\t\t<div class=\"elementor-widget-container\">\n\t\t\t\t\t\t\t\t\t\t\t\t\t\t\t<img decoding=\"async\" src=\"https:\/\/www.dev-sli.fr\/avocat-garnier\/wp-content\/uploads\/elementor\/thumbs\/droit-administratif-r45945yvaxzzzokribhgg3eeh6ho7r0f8olf8hcqls.png\" title=\"droit-administratif\" alt=\"droit-administratif\" loading=\"lazy\" \/>\t\t\t\t\t\t\t\t\t\t\t\t\t\t\t<\/div>\n\t\t\t\t<\/div>\n\t\t\t\t<div class=\"elementor-element elementor-element-b6942c8 elementor-widget elementor-widget-heading\" data-id=\"b6942c8\" data-element_type=\"widget\" data-widget_type=\"heading.default\">\n\t\t\t\t<div class=\"elementor-widget-container\">\n\t\t\t\t\t<h2 class=\"elementor-heading-title elementor-size-default\">Contestation d\u2019une d\u00e9cision administrative ou d\u2019un acte<\/h2>\t\t\t\t<\/div>\n\t\t\t\t<\/div>\n\t\t\t\t<div class=\"elementor-element elementor-element-6ced8a3 elementor-widget elementor-widget-text-editor\" data-id=\"6ced8a3\" data-element_type=\"widget\" data-widget_type=\"text-editor.default\">\n\t\t\t\t<div class=\"elementor-widget-container\">\n\t\t\t\t\t\t\t\t\t<div class=\"wpb_text_column wpb_content_element  wpb_animate_when_almost_visible wpb_right-to-left right-to-left wpb_start_animation animated\"><div class=\"wpb_wrapper\"><p>Vous souhaitez d\u00e9poser un recours pour contester la l\u00e9galit\u00e9 d\u2019un acte ou d\u2019une d\u00e9cision administrative afin de l\u2019annuler ? Pour ce genre de proc\u00e9dures, il est imp\u00e9ratif d\u2019op\u00e9rer dans un d\u00e9lai tr\u00e8s court de 2 mois seulement. En effet, tout recours d\u00e9pos\u00e9 au-del\u00e0 de ce d\u00e9lai sera consid\u00e9r\u00e9 irrecevable et vous privera d\u2019obtenir gain de cause.<\/p><p>Sans \u00eatre obligatoire, la pr\u00e9sence et l\u2019assistance d\u2019un avocat est vivement recommand\u00e9e devant les tribunaux administratifs et pour un recours pr\u00e9 contentieux. En revanche, la pr\u00e9sence de votre avocat devient obligatoire devant la cour administrative d\u2019appel et lors d\u2019un pourvoi en cassation.<\/p><p>Faites confiance <strong>Ma\u00eetre Fran\u00e7ois-Philippe Garnier<\/strong> et son \u00e9quipe d\u2019avocats pour vos recours et b\u00e9n\u00e9ficiez de leur exp\u00e9rience et de leur conseils pr\u00e9cieux.<\/p><\/div><\/div>\t\t\t\t\t\t\t\t<\/div>\n\t\t\t\t<\/div>\n\t\t\t\t<\/div>\n\t\t<div class=\"elementor-element elementor-element-c0beb7c e-con-full e-flex e-con e-child\" data-id=\"c0beb7c\" data-element_type=\"container\">\n\t\t\t\t<div class=\"elementor-element elementor-element-1968528 elementor-widget elementor-widget-image\" data-id=\"1968528\" data-element_type=\"widget\" data-widget_type=\"image.default\">\n\t\t\t\t<div class=\"elementor-widget-container\">\n\t\t\t\t\t\t\t\t\t\t\t\t\t\t\t<img decoding=\"async\" src=\"https:\/\/www.dev-sli.fr\/avocat-garnier\/wp-content\/uploads\/elementor\/thumbs\/code-penal-r45926j4vja7hbgj3glt6lfdbw9ryr4tmv0irganqo.png\" title=\"code-penal\" alt=\"code-penal\" loading=\"lazy\" \/>\t\t\t\t\t\t\t\t\t\t\t\t\t\t\t<\/div>\n\t\t\t\t<\/div>\n\t\t\t\t<div class=\"elementor-element elementor-element-dbc79fe elementor-widget elementor-widget-heading\" data-id=\"dbc79fe\" data-element_type=\"widget\" data-widget_type=\"heading.default\">\n\t\t\t\t<div class=\"elementor-widget-container\">\n\t\t\t\t\t<h2 class=\"elementor-heading-title elementor-size-default\">D\u00e9claration pr\u00e9alable et permis de construire en Haute-Savoie<\/h2>\t\t\t\t<\/div>\n\t\t\t\t<\/div>\n\t\t\t\t<div class=\"elementor-element elementor-element-465e830 elementor-widget elementor-widget-text-editor\" data-id=\"465e830\" data-element_type=\"widget\" data-widget_type=\"text-editor.default\">\n\t\t\t\t<div class=\"elementor-widget-container\">\n\t\t\t\t\t\t\t\t\t<div class=\"wpb_text_column wpb_content_element wpb_animate_when_almost_visible wpb_left-to-right left-to-right vc_custom_1579273315571 wpb_start_animation animated\"><div class=\"wpb_wrapper\"><p>Nous vous accompagnons dans tous les litiges relatifs aux d\u00e9claration pr\u00e9alables au permis de construire que vous soyez une commune, un p\u00e9titionnaire ou un tiers.<\/p><p>B\u00e9n\u00e9ficiez de l\u2019expertise de notre cabinet et des connaissances juridiques approfondies de <strong>Ma\u00eetre Fran\u00e7ois-Philippe Garnier<\/strong> et de son \u00e9quipe\u00a0 exp\u00e9riment\u00e9e.<\/p><p>Confiez nous le soin de veiller au respect de vos droits et de vous repr\u00e9senter devant les tribunaux.<\/p><\/div><\/div>\t\t\t\t\t\t\t\t<\/div>\n\t\t\t\t<\/div>\n\t\t\t\t<\/div>\n\t\t\t\t<\/div>\n\t\t\t\t\t<\/div>\n\t\t\t\t<\/div>\n\t\t<div class=\"elementor-element elementor-element-4bdd616 e-flex e-con-boxed e-con e-parent\" data-id=\"4bdd616\" data-element_type=\"container\" data-settings=\"{&quot;background_background&quot;:&quot;classic&quot;}\">\n\t\t\t\t\t<div class=\"e-con-inner\">\n\t\t\t\t\t<\/div>\n\t\t\t\t<\/div>\n\t\t\t\t<\/div>\n\t\t","protected":false},"excerpt":{"rendered":"<p>Ma\u00eetre Garnier, avocat sp\u00e9cialiste droit administratif et de l&rsquo;urbanisme Vous h\u00e9sitez \u00e0 remettre votre affaire de droit administratif ou d&rsquo;urbanisme \u00e0 n\u2019importe quel avocat ? En effet, ces affaires sont souvent complexes, d\u00e9licates. Elles exigent une profonde connaissance du droit afin de les mener \u00e0 bien. Pour tous vos dossiers et litiges relatifs au droit [&hellip;]<\/p>\n","protected":false},"author":1,"featured_media":0,"parent":0,"menu_order":0,"comment_status":"closed","ping_status":"closed","template":"","meta":{"footnotes":""},"class_list":["post-158","page","type-page","status-publish","hentry"],"_links":{"self":[{"href":"https:\/\/www.dev-sli.fr\/avocat-garnier\/wp-json\/wp\/v2\/pages\/158","targetHints":{"allow":["GET"]}}],"collection":[{"href":"https:\/\/www.dev-sli.fr\/avocat-garnier\/wp-json\/wp\/v2\/pages"}],"about":[{"href":"https:\/\/www.dev-sli.fr\/avocat-garnier\/wp-json\/wp\/v2\/types\/page"}],"author":[{"embeddable":true,"href":"https:\/\/www.dev-sli.fr\/avocat-garnier\/wp-json\/wp\/v2\/users\/1"}],"replies":[{"embeddable":true,"href":"https:\/\/www.dev-sli.fr\/avocat-garnier\/wp-json\/wp\/v2\/comments?post=158"}],"version-history":[{"count":16,"href":"https:\/\/www.dev-sli.fr\/avocat-garnier\/wp-json\/wp\/v2\/pages\/158\/revisions"}],"predecessor-version":[{"id":1461,"href":"https:\/\/www.dev-sli.fr\/avocat-garnier\/wp-json\/wp\/v2\/pages\/158\/revisions\/1461"}],"wp:attachment":[{"href":"https:\/\/www.dev-sli.fr\/avocat-garnier\/wp-json\/wp\/v2\/media?parent=158"}],"curies":[{"name":"wp","href":"https:\/\/api.w.org\/{rel}","templated":true}]}}

<div data-elementor-type="wp-page" data-elementor-id="158" class="elementor elementor-158">
				<div class="elementor-element elementor-element-5f11b2b e-flex e-con-boxed e-con e-parent" data-id="5f11b2b" data-element_type="container">
					<div class="e-con-inner">
				<div class="elementor-element elementor-element-5391785 elementor-widget elementor-widget-heading" data-id="5391785" data-element_type="widget" data-widget_type="heading.default">
				<div class="elementor-widget-container">
					<h1 class="elementor-heading-title elementor-size-default">Maître Garnier, avocat spécialiste droit administratif et de l'urbanisme</h1>				</div>
				</div>
				<div class="elementor-element elementor-element-f8f1cd2 elementor-widget elementor-widget-text-editor" data-id="f8f1cd2" data-element_type="widget" data-widget_type="text-editor.default">
				<div class="elementor-widget-container">
									<div class="wpb_text_column wpb_content_element wpb_animate_when_almost_visible wpb_top-to-bottom top-to-bottom wpb_start_animation animated"><div class="wpb_wrapper"><p>Vous hésitez à remettre votre affaire de droit administratif ou d&rsquo;urbanisme à n’importe quel avocat ? En effet, ces affaires sont souvent complexes, délicates. Elles exigent une profonde connaissance du droit afin de les mener à bien. Pour tous vos dossiers et litiges relatifs au droit administratif ou d&rsquo;urbanisme, bénéficiez de l’expérience et des conseils juridiques d’un cabinet d’avocats aguerris.</p><p><strong>Maître François-Philippe Garnier</strong>, avocat depuis plus de 30 ans et son équipe vous accueillent au sein de l’un de nos 2 cabinets, situés dans le département de la <strong>Haute-Savoie.</strong> Nous vous accueillons à <strong>Saint-Julien-en-Genevois</strong> et <strong>Frangy</strong>. Nous vous partageons nos connaissances juridiques, et vous faisons bénéficier d’une prise en charge et d’un accompagnement personnalisés. Soumettez-nous votre cas sans plus attendre, nous vous aiderons à faire valoir vos droits.</p></div></div>								</div>
				</div>
					</div>
				</div>
		<div class="elementor-element elementor-element-14cd535 e-flex e-con-boxed e-con e-parent" data-id="14cd535" data-element_type="container" data-settings="{&quot;background_background&quot;:&quot;classic&quot;}">
					<div class="e-con-inner">
					</div>
				</div>
		<div class="elementor-element elementor-element-d71b853 e-flex e-con-boxed e-con e-parent" data-id="d71b853" data-element_type="container">
					<div class="e-con-inner">
		<div class="elementor-element elementor-element-0b490d4 e-grid e-con-full e-con e-child" data-id="0b490d4" data-element_type="container">
		<div class="elementor-element elementor-element-1ea9c8a e-con-full e-flex e-con e-child" data-id="1ea9c8a" data-element_type="container">
				<div class="elementor-element elementor-element-6de4c19 elementor-widget elementor-widget-image" data-id="6de4c19" data-element_type="widget" data-widget_type="image.default">
				<div class="elementor-widget-container">
															<img decoding="async" src="https://www.dev-sli.fr/avocat-garnier/wp-content/uploads/elementor/thumbs/droit-administratif-r45945yvaxzzzokribhgg3eeh6ho7r0f8olf8hcqls.png" title="droit-administratif" alt="droit-administratif" loading="lazy" />															</div>
				</div>
				<div class="elementor-element elementor-element-b6942c8 elementor-widget elementor-widget-heading" data-id="b6942c8" data-element_type="widget" data-widget_type="heading.default">
				<div class="elementor-widget-container">
					<h2 class="elementor-heading-title elementor-size-default">Contestation d’une décision administrative ou d’un acte</h2>				</div>
				</div>
				<div class="elementor-element elementor-element-6ced8a3 elementor-widget elementor-widget-text-editor" data-id="6ced8a3" data-element_type="widget" data-widget_type="text-editor.default">
				<div class="elementor-widget-container">
									<div class="wpb_text_column wpb_content_element  wpb_animate_when_almost_visible wpb_right-to-left right-to-left wpb_start_animation animated"><div class="wpb_wrapper"><p>Vous souhaitez déposer un recours pour contester la légalité d’un acte ou d’une décision administrative afin de l’annuler ? Pour ce genre de procédures, il est impératif d’opérer dans un délai très court de 2 mois seulement. En effet, tout recours déposé au-delà de ce délai sera considéré irrecevable et vous privera d’obtenir gain de cause.</p><p>Sans être obligatoire, la présence et l’assistance d’un avocat est vivement recommandée devant les tribunaux administratifs et pour un recours pré contentieux. En revanche, la présence de votre avocat devient obligatoire devant la cour administrative d’appel et lors d’un pourvoi en cassation.</p><p>Faites confiance <strong>Maître François-Philippe Garnier</strong> et son équipe d’avocats pour vos recours et bénéficiez de leur expérience et de leur conseils précieux.</p></div></div>								</div>
				</div>
				</div>
		<div class="elementor-element elementor-element-c0beb7c e-con-full e-flex e-con e-child" data-id="c0beb7c" data-element_type="container">
				<div class="elementor-element elementor-element-1968528 elementor-widget elementor-widget-image" data-id="1968528" data-element_type="widget" data-widget_type="image.default">
				<div class="elementor-widget-container">
															<img decoding="async" src="https://www.dev-sli.fr/avocat-garnier/wp-content/uploads/elementor/thumbs/code-penal-r45926j4vja7hbgj3glt6lfdbw9ryr4tmv0irganqo.png" title="code-penal" alt="code-penal" loading="lazy" />															</div>
				</div>
				<div class="elementor-element elementor-element-dbc79fe elementor-widget elementor-widget-heading" data-id="dbc79fe" data-element_type="widget" data-widget_type="heading.default">
				<div class="elementor-widget-container">
					<h2 class="elementor-heading-title elementor-size-default">Déclaration préalable et permis de construire en Haute-Savoie</h2>				</div>
				</div>
				<div class="elementor-element elementor-element-465e830 elementor-widget elementor-widget-text-editor" data-id="465e830" data-element_type="widget" data-widget_type="text-editor.default">
				<div class="elementor-widget-container">
									<div class="wpb_text_column wpb_content_element wpb_animate_when_almost_visible wpb_left-to-right left-to-right vc_custom_1579273315571 wpb_start_animation animated"><div class="wpb_wrapper"><p>Nous vous accompagnons dans tous les litiges relatifs aux déclaration préalables au permis de construire que vous soyez une commune, un pétitionnaire ou un tiers.</p><p>Bénéficiez de l’expertise de notre cabinet et des connaissances juridiques approfondies de <strong>Maître François-Philippe Garnier</strong> et de son équipe  expérimentée.</p><p>Confiez nous le soin de veiller au respect de vos droits et de vous représenter devant les tribunaux.</p></div></div>								</div>
				</div>
				</div>
				</div>
					</div>
				</div>
		<div class="elementor-element elementor-element-4bdd616 e-flex e-con-boxed e-con e-parent" data-id="4bdd616" data-element_type="container" data-settings="{&quot;background_background&quot;:&quot;classic&quot;}">
					<div class="e-con-inner">
					</div>
				</div>
				</div>

<p>Maître Garnier, avocat spécialiste droit administratif et de l&rsquo;urbanisme Vous hésitez à remettre votre affaire de droit administratif ou d&rsquo;urbanisme à n’importe quel avocat ? En effet, ces affaires sont souvent complexes, délicates. Elles exigent une profonde connaissance du droit afin de les mener à bien. Pour tous vos dossiers et litiges relatifs au droit [&hellip;]</p>
