{"id":164,"date":"2025-04-07T17:11:01","date_gmt":"2025-04-07T15:11:01","guid":{"rendered":"https:\/\/www.dev-sli.fr\/avocat-garnier\/?page_id=164"},"modified":"2025-07-30T14:53:00","modified_gmt":"2025-07-30T12:53:00","slug":"droit-des-personnes-et-de-la-famille","status":"publish","type":"page","link":"https:\/\/www.dev-sli.fr\/avocat-garnier\/droit-des-personnes-et-de-la-famille\/","title":{"rendered":"Droit des personnes et de la famille"},"content":{"rendered":"\t\t<div data-elementor-type=\"wp-page\" data-elementor-id=\"164\" class=\"elementor elementor-164\">\n\t\t\t\t<div class=\"elementor-element elementor-element-eda5bde e-flex e-con-boxed e-con e-parent\" data-id=\"eda5bde\" data-element_type=\"container\">\n\t\t\t\t\t<div class=\"e-con-inner\">\n\t\t\t\t<div class=\"elementor-element elementor-element-45c4d81 elementor-widget elementor-widget-heading\" data-id=\"45c4d81\" data-element_type=\"widget\" data-widget_type=\"heading.default\">\n\t\t\t\t<div class=\"elementor-widget-container\">\n\t\t\t\t\t<h1 class=\"elementor-heading-title elementor-size-default\">Cabinet d\u2019avocats en droit de la famille<\/h1>\t\t\t\t<\/div>\n\t\t\t\t<\/div>\n\t\t\t\t<div class=\"elementor-element elementor-element-b2effa9 elementor-widget elementor-widget-text-editor\" data-id=\"b2effa9\" data-element_type=\"widget\" data-widget_type=\"text-editor.default\">\n\t\t\t\t<div class=\"elementor-widget-container\">\n\t\t\t\t\t\t\t\t\t<div class=\"wpb_text_column wpb_content_element wpb_animate_when_almost_visible wpb_top-to-bottom top-to-bottom wpb_start_animation animated\"><div class=\"wpb_wrapper\"><p>De nombreuses personnes ont besoin d\u2019une assistance juridique \u00e0 un moment donn\u00e9 pour g\u00e9rer des \u00e9v\u00e9nements de la vie difficiles tels que la s\u00e9paration ou le divorce. Les services d\u2019un avocat peuvent \u00eatre essentiels pour atteindre des r\u00e9sultats ou des accords qui aident les individus et les familles \u00e0 traverser des circonstances difficiles. C\u2019est pourquoi, votre avocat <strong>Ma\u00eetre Fran\u00e7ois-Philippe Garnier <\/strong>traite tous les types de cas en droit de la famille, notamment les divorces par consentement mutuel, la division des biens, la garde d\u2019enfant, et autres\u2026<\/p><\/div><\/div>\t\t\t\t\t\t\t\t<\/div>\n\t\t\t\t<\/div>\n\t\t\t\t\t<\/div>\n\t\t\t\t<\/div>\n\t\t<div class=\"elementor-element elementor-element-475eade e-flex e-con-boxed e-con e-parent\" data-id=\"475eade\" data-element_type=\"container\" data-settings=\"{&quot;background_background&quot;:&quot;classic&quot;}\">\n\t\t\t\t\t<div class=\"e-con-inner\">\n\t\t\t\t\t<\/div>\n\t\t\t\t<\/div>\n\t\t<div class=\"elementor-element elementor-element-8d79bb7 e-flex e-con-boxed e-con e-parent\" data-id=\"8d79bb7\" data-element_type=\"container\">\n\t\t\t\t\t<div class=\"e-con-inner\">\n\t\t<div class=\"elementor-element elementor-element-5980caa e-grid e-con-full e-con e-child\" data-id=\"5980caa\" data-element_type=\"container\">\n\t\t<div class=\"elementor-element elementor-element-47fc116 e-con-full e-flex e-con e-child\" data-id=\"47fc116\" data-element_type=\"container\">\n\t\t\t\t<div class=\"elementor-element elementor-element-7c7bd38 elementor-widget elementor-widget-image\" data-id=\"7c7bd38\" data-element_type=\"widget\" data-widget_type=\"image.default\">\n\t\t\t\t<div class=\"elementor-widget-container\">\n\t\t\t\t\t\t\t\t\t\t\t\t\t\t\t<img decoding=\"async\" src=\"https:\/\/www.dev-sli.fr\/avocat-garnier\/wp-content\/uploads\/elementor\/thumbs\/code-penal-r45926j4vja7hbgj3glt6lfdbw9ryr4tmv0irganqo.png\" title=\"code-penal\" alt=\"code-penal\" loading=\"lazy\" \/>\t\t\t\t\t\t\t\t\t\t\t\t\t\t\t<\/div>\n\t\t\t\t<\/div>\n\t\t\t\t<div class=\"elementor-element elementor-element-65478ae elementor-widget elementor-widget-heading\" data-id=\"65478ae\" data-element_type=\"widget\" data-widget_type=\"heading.default\">\n\t\t\t\t<div class=\"elementor-widget-container\">\n\t\t\t\t\t<h2 class=\"elementor-heading-title elementor-size-default\">Droit de la famille : d\u00e9finition<\/h2>\t\t\t\t<\/div>\n\t\t\t\t<\/div>\n\t\t\t\t<div class=\"elementor-element elementor-element-1d591c0 elementor-widget elementor-widget-text-editor\" data-id=\"1d591c0\" data-element_type=\"widget\" data-widget_type=\"text-editor.default\">\n\t\t\t\t<div class=\"elementor-widget-container\">\n\t\t\t\t\t\t\t\t\t<div class=\"wpb_text_column wpb_content_element  wpb_animate_when_almost_visible wpb_right-to-left right-to-left vc_custom_1578909712871 wpb_start_animation animated\"><div class=\"wpb_wrapper\"><p>Le droit de la famille est le domaine du droit qui traite le mariage, le divorce, la paternit\u00e9, la pension alimentaire pour \u00e9poux et\u202f enfants, ainsi que des nombreux probl\u00e8mes qui surviennent lorsque vous vous mariez, avez des enfants et peut-\u00eatre divorcez.<\/p><p>Le droit de la famille couvre \u00e9galement les adoptions, la tutelle, la violence domestique et les droits des grands-parents.<\/p><\/div><\/div>\t\t\t\t\t\t\t\t<\/div>\n\t\t\t\t<\/div>\n\t\t\t\t<\/div>\n\t\t<div class=\"elementor-element elementor-element-8fe1154 e-con-full e-flex e-con e-child\" data-id=\"8fe1154\" data-element_type=\"container\">\n\t\t\t\t<div class=\"elementor-element elementor-element-be6ad60 elementor-widget elementor-widget-image\" data-id=\"be6ad60\" data-element_type=\"widget\" data-widget_type=\"image.default\">\n\t\t\t\t<div class=\"elementor-widget-container\">\n\t\t\t\t\t\t\t\t\t\t\t\t\t\t\t<img decoding=\"async\" src=\"https:\/\/www.dev-sli.fr\/avocat-garnier\/wp-content\/uploads\/elementor\/thumbs\/droit-famille-3-r43zk8vnol2ob6nfhgdm9x7c8dfyy8n9ru4t5cvmb4.png\" title=\"droit-famille-3\" alt=\"droit-famille-3\" loading=\"lazy\" \/>\t\t\t\t\t\t\t\t\t\t\t\t\t\t\t<\/div>\n\t\t\t\t<\/div>\n\t\t\t\t<div class=\"elementor-element elementor-element-b801a91 elementor-widget elementor-widget-heading\" data-id=\"b801a91\" data-element_type=\"widget\" data-widget_type=\"heading.default\">\n\t\t\t\t<div class=\"elementor-widget-container\">\n\t\t\t\t\t<h2 class=\"elementor-heading-title elementor-size-default\">Divorce, pension alimentaire pour enfants et garde des enfants en Haute-Savoie<\/h2>\t\t\t\t<\/div>\n\t\t\t\t<\/div>\n\t\t\t\t<div class=\"elementor-element elementor-element-c233618 elementor-widget elementor-widget-text-editor\" data-id=\"c233618\" data-element_type=\"widget\" data-widget_type=\"text-editor.default\">\n\t\t\t\t<div class=\"elementor-widget-container\">\n\t\t\t\t\t\t\t\t\t<div class=\"wpb_text_column wpb_content_element wpb_animate_when_almost_visible wpb_left-to-right left-to-right wpb_start_animation animated\"><div class=\"wpb_wrapper\"><p>Que vous ayez besoin d\u2019aide pour r\u00e9soudre \u00e0 l\u2019amiable une affaire de garde d\u2019enfants ou pour un divorce avec des actifs importants en jeu, nous pouvons vous aider.<\/p><p>Ayant une exp\u00e9rience dans les proc\u00e9dures de divorce, de pensions alimentaires ou de garde d\u2019enfants, nous pouvons vous fournir des conseils sur un certain nombre de <strong>d\u00e9marches juridiques<\/strong>, telles que le partage des biens et le calcul de la pension alimentaire pour \u00e9poux ou pour enfants. Selon votre situation, notre cabinet d\u2019avocat est disponible pour vous aider \u00e0 faire valoir vos droits en mati\u00e8re de divorce ou de toutes autres affaires familiales en Haute Savoie.<\/p><p>Nous privil\u00e9gions les solutions amiables, et sp\u00e9cialement le\u00a0<strong>divorce par consentement mutuel par acte d&rsquo;avocat<\/strong>.<\/p><\/div><\/div>\t\t\t\t\t\t\t\t<\/div>\n\t\t\t\t<\/div>\n\t\t\t\t<\/div>\n\t\t\t\t<\/div>\n\t\t\t\t\t<\/div>\n\t\t\t\t<\/div>\n\t\t<div class=\"elementor-element elementor-element-12611c8 e-flex e-con-boxed e-con e-parent\" data-id=\"12611c8\" data-element_type=\"container\" data-settings=\"{&quot;background_background&quot;:&quot;classic&quot;}\">\n\t\t\t\t\t<div class=\"e-con-inner\">\n\t\t\t\t\t<\/div>\n\t\t\t\t<\/div>\n\t\t\t\t<\/div>\n\t\t","protected":false},"excerpt":{"rendered":"<p>Cabinet d\u2019avocats en droit de la famille De nombreuses personnes ont besoin d\u2019une assistance juridique \u00e0 un moment donn\u00e9 pour g\u00e9rer des \u00e9v\u00e9nements de la vie difficiles tels que la s\u00e9paration ou le divorce. Les services d\u2019un avocat peuvent \u00eatre essentiels pour atteindre des r\u00e9sultats ou des accords qui aident les individus et les familles [&hellip;]<\/p>\n","protected":false},"author":1,"featured_media":0,"parent":0,"menu_order":0,"comment_status":"closed","ping_status":"closed","template":"","meta":{"footnotes":""},"class_list":["post-164","page","type-page","status-publish","hentry"],"_links":{"self":[{"href":"https:\/\/www.dev-sli.fr\/avocat-garnier\/wp-json\/wp\/v2\/pages\/164","targetHints":{"allow":["GET"]}}],"collection":[{"href":"https:\/\/www.dev-sli.fr\/avocat-garnier\/wp-json\/wp\/v2\/pages"}],"about":[{"href":"https:\/\/www.dev-sli.fr\/avocat-garnier\/wp-json\/wp\/v2\/types\/page"}],"author":[{"embeddable":true,"href":"https:\/\/www.dev-sli.fr\/avocat-garnier\/wp-json\/wp\/v2\/users\/1"}],"replies":[{"embeddable":true,"href":"https:\/\/www.dev-sli.fr\/avocat-garnier\/wp-json\/wp\/v2\/comments?post=164"}],"version-history":[{"count":34,"href":"https:\/\/www.dev-sli.fr\/avocat-garnier\/wp-json\/wp\/v2\/pages\/164\/revisions"}],"predecessor-version":[{"id":1419,"href":"https:\/\/www.dev-sli.fr\/avocat-garnier\/wp-json\/wp\/v2\/pages\/164\/revisions\/1419"}],"wp:attachment":[{"href":"https:\/\/www.dev-sli.fr\/avocat-garnier\/wp-json\/wp\/v2\/media?parent=164"}],"curies":[{"name":"wp","href":"https:\/\/api.w.org\/{rel}","templated":true}]}}

<div data-elementor-type="wp-page" data-elementor-id="164" class="elementor elementor-164">
				<div class="elementor-element elementor-element-eda5bde e-flex e-con-boxed e-con e-parent" data-id="eda5bde" data-element_type="container">
					<div class="e-con-inner">
				<div class="elementor-element elementor-element-45c4d81 elementor-widget elementor-widget-heading" data-id="45c4d81" data-element_type="widget" data-widget_type="heading.default">
				<div class="elementor-widget-container">
					<h1 class="elementor-heading-title elementor-size-default">Cabinet d’avocats en droit de la famille</h1>				</div>
				</div>
				<div class="elementor-element elementor-element-b2effa9 elementor-widget elementor-widget-text-editor" data-id="b2effa9" data-element_type="widget" data-widget_type="text-editor.default">
				<div class="elementor-widget-container">
									<div class="wpb_text_column wpb_content_element wpb_animate_when_almost_visible wpb_top-to-bottom top-to-bottom wpb_start_animation animated"><div class="wpb_wrapper"><p>De nombreuses personnes ont besoin d’une assistance juridique à un moment donné pour gérer des événements de la vie difficiles tels que la séparation ou le divorce. Les services d’un avocat peuvent être essentiels pour atteindre des résultats ou des accords qui aident les individus et les familles à traverser des circonstances difficiles. C’est pourquoi, votre avocat <strong>Maître François-Philippe Garnier </strong>traite tous les types de cas en droit de la famille, notamment les divorces par consentement mutuel, la division des biens, la garde d’enfant, et autres…</p></div></div>								</div>
				</div>
					</div>
				</div>
		<div class="elementor-element elementor-element-475eade e-flex e-con-boxed e-con e-parent" data-id="475eade" data-element_type="container" data-settings="{&quot;background_background&quot;:&quot;classic&quot;}">
					<div class="e-con-inner">
					</div>
				</div>
		<div class="elementor-element elementor-element-8d79bb7 e-flex e-con-boxed e-con e-parent" data-id="8d79bb7" data-element_type="container">
					<div class="e-con-inner">
		<div class="elementor-element elementor-element-5980caa e-grid e-con-full e-con e-child" data-id="5980caa" data-element_type="container">
		<div class="elementor-element elementor-element-47fc116 e-con-full e-flex e-con e-child" data-id="47fc116" data-element_type="container">
				<div class="elementor-element elementor-element-7c7bd38 elementor-widget elementor-widget-image" data-id="7c7bd38" data-element_type="widget" data-widget_type="image.default">
				<div class="elementor-widget-container">
															<img decoding="async" src="https://www.dev-sli.fr/avocat-garnier/wp-content/uploads/elementor/thumbs/code-penal-r45926j4vja7hbgj3glt6lfdbw9ryr4tmv0irganqo.png" title="code-penal" alt="code-penal" loading="lazy" />															</div>
				</div>
				<div class="elementor-element elementor-element-65478ae elementor-widget elementor-widget-heading" data-id="65478ae" data-element_type="widget" data-widget_type="heading.default">
				<div class="elementor-widget-container">
					<h2 class="elementor-heading-title elementor-size-default">Droit de la famille : définition</h2>				</div>
				</div>
				<div class="elementor-element elementor-element-1d591c0 elementor-widget elementor-widget-text-editor" data-id="1d591c0" data-element_type="widget" data-widget_type="text-editor.default">
				<div class="elementor-widget-container">
									<div class="wpb_text_column wpb_content_element  wpb_animate_when_almost_visible wpb_right-to-left right-to-left vc_custom_1578909712871 wpb_start_animation animated"><div class="wpb_wrapper"><p>Le droit de la famille est le domaine du droit qui traite le mariage, le divorce, la paternité, la pension alimentaire pour époux et  enfants, ainsi que des nombreux problèmes qui surviennent lorsque vous vous mariez, avez des enfants et peut-être divorcez.</p><p>Le droit de la famille couvre également les adoptions, la tutelle, la violence domestique et les droits des grands-parents.</p></div></div>								</div>
				</div>
				</div>
		<div class="elementor-element elementor-element-8fe1154 e-con-full e-flex e-con e-child" data-id="8fe1154" data-element_type="container">
				<div class="elementor-element elementor-element-be6ad60 elementor-widget elementor-widget-image" data-id="be6ad60" data-element_type="widget" data-widget_type="image.default">
				<div class="elementor-widget-container">
															<img decoding="async" src="https://www.dev-sli.fr/avocat-garnier/wp-content/uploads/elementor/thumbs/droit-famille-3-r43zk8vnol2ob6nfhgdm9x7c8dfyy8n9ru4t5cvmb4.png" title="droit-famille-3" alt="droit-famille-3" loading="lazy" />															</div>
				</div>
				<div class="elementor-element elementor-element-b801a91 elementor-widget elementor-widget-heading" data-id="b801a91" data-element_type="widget" data-widget_type="heading.default">
				<div class="elementor-widget-container">
					<h2 class="elementor-heading-title elementor-size-default">Divorce, pension alimentaire pour enfants et garde des enfants en Haute-Savoie</h2>				</div>
				</div>
				<div class="elementor-element elementor-element-c233618 elementor-widget elementor-widget-text-editor" data-id="c233618" data-element_type="widget" data-widget_type="text-editor.default">
				<div class="elementor-widget-container">
									<div class="wpb_text_column wpb_content_element wpb_animate_when_almost_visible wpb_left-to-right left-to-right wpb_start_animation animated"><div class="wpb_wrapper"><p>Que vous ayez besoin d’aide pour résoudre à l’amiable une affaire de garde d’enfants ou pour un divorce avec des actifs importants en jeu, nous pouvons vous aider.</p><p>Ayant une expérience dans les procédures de divorce, de pensions alimentaires ou de garde d’enfants, nous pouvons vous fournir des conseils sur un certain nombre de <strong>démarches juridiques</strong>, telles que le partage des biens et le calcul de la pension alimentaire pour époux ou pour enfants. Selon votre situation, notre cabinet d’avocat est disponible pour vous aider à faire valoir vos droits en matière de divorce ou de toutes autres affaires familiales en Haute Savoie.</p><p>Nous privilégions les solutions amiables, et spécialement le <strong>divorce par consentement mutuel par acte d&rsquo;avocat</strong>.</p></div></div>								</div>
				</div>
				</div>
				</div>
					</div>
				</div>
		<div class="elementor-element elementor-element-12611c8 e-flex e-con-boxed e-con e-parent" data-id="12611c8" data-element_type="container" data-settings="{&quot;background_background&quot;:&quot;classic&quot;}">
					<div class="e-con-inner">
					</div>
				</div>
				</div>

<p>Cabinet d’avocats en droit de la famille De nombreuses personnes ont besoin d’une assistance juridique à un moment donné pour gérer des événements de la vie difficiles tels que la séparation ou le divorce. Les services d’un avocat peuvent être essentiels pour atteindre des résultats ou des accords qui aident les individus et les familles [&hellip;]</p>
