{"id":166,"date":"2025-04-07T17:11:19","date_gmt":"2025-04-07T15:11:19","guid":{"rendered":"https:\/\/www.dev-sli.fr\/avocat-garnier\/?page_id=166"},"modified":"2025-08-01T09:21:05","modified_gmt":"2025-08-01T07:21:05","slug":"droit-du-travail","status":"publish","type":"page","link":"https:\/\/www.dev-sli.fr\/avocat-garnier\/droit-du-travail\/","title":{"rendered":"Droit du travail"},"content":{"rendered":"\t\t<div data-elementor-type=\"wp-page\" data-elementor-id=\"166\" class=\"elementor elementor-166\">\n\t\t\t\t<div class=\"elementor-element elementor-element-3f10283 e-flex e-con-boxed e-con e-parent\" data-id=\"3f10283\" data-element_type=\"container\">\n\t\t\t\t\t<div class=\"e-con-inner\">\n\t\t\t\t<div class=\"elementor-element elementor-element-e1a9dfe elementor-widget elementor-widget-heading\" data-id=\"e1a9dfe\" data-element_type=\"widget\" data-widget_type=\"heading.default\">\n\t\t\t\t<div class=\"elementor-widget-container\">\n\t\t\t\t\t<h1 class=\"elementor-heading-title elementor-size-default\">Avocat en droit du travail en Haute-Savoie : services, conseil, d\u00e9fense<\/h1>\t\t\t\t<\/div>\n\t\t\t\t<\/div>\n\t\t\t\t<div class=\"elementor-element elementor-element-e4a6331 elementor-widget elementor-widget-text-editor\" data-id=\"e4a6331\" data-element_type=\"widget\" data-widget_type=\"text-editor.default\">\n\t\t\t\t<div class=\"elementor-widget-container\">\n\t\t\t\t\t\t\t\t\t<div class=\"wpb_text_column wpb_content_element wpb_animate_when_almost_visible wpb_top-to-bottom top-to-bottom wpb_start_animation animated\"><div class=\"wpb_wrapper\"><p>Hautement qualifi\u00e9 dans tous les domaines du droit du travail, votre avocat <strong>Ma\u00eetre Fran\u00e7ois-Philippe Garnier<\/strong> a fait ses preuves aupr\u00e8s des particuliers et des professionnels de la <strong>Haute-Savoie<\/strong>.<\/p><p><strong>Ma\u00eetre Fran\u00e7ois-Philippe Garnier<\/strong> assure des prestations de conseil et de repr\u00e9sentation sur un large \u00e9ventail de questions juridiques complexes. De l&rsquo;assistance lors des\u00a0accidents de travail \u00e0 la n\u00e9gociation des conditions de rupture de contrats ou de licenciements, faites appel \u00e0 nous.<\/p><p>L\u2019exp\u00e9rience de 30 ans de votre avocat expert dans les domaines du contentieux ou du conseil de <strong>Prud\u2019hommes <\/strong>lui permet de vous aider dans toutes vos affaires. En effet, il vous aiguille lors de vos n\u00e9gociations avec votre salari\u00e9 si vous \u00eates dirigeant d\u2019entreprise, ou patron si vous \u00eates employ\u00e9.<\/p><p>Nous nous mobilisons et restons \u00e0 votre \u00e9coute dans l\u2019un des deux cabinets de votre Ma\u00eetre Garnier.<\/p><p>avocat. Ces cabinets se situent en <strong>Haute-Savoie<\/strong> \u00e0 <strong>Saint-Julien-en-Genevois<\/strong> et <strong>Frangy<\/strong>.<\/p><\/div><\/div>\t\t\t\t\t\t\t\t<\/div>\n\t\t\t\t<\/div>\n\t\t\t\t\t<\/div>\n\t\t\t\t<\/div>\n\t\t<div class=\"elementor-element elementor-element-eda3fcd e-flex e-con-boxed e-con e-parent\" data-id=\"eda3fcd\" data-element_type=\"container\" data-settings=\"{&quot;background_background&quot;:&quot;classic&quot;}\">\n\t\t\t\t\t<div class=\"e-con-inner\">\n\t\t\t\t\t<\/div>\n\t\t\t\t<\/div>\n\t\t<div class=\"elementor-element elementor-element-4b8a3a1 e-flex e-con-boxed e-con e-parent\" data-id=\"4b8a3a1\" data-element_type=\"container\">\n\t\t\t\t\t<div class=\"e-con-inner\">\n\t\t<div class=\"elementor-element elementor-element-0fc6dd9 e-grid e-con-full e-con e-child\" data-id=\"0fc6dd9\" data-element_type=\"container\">\n\t\t<div class=\"elementor-element elementor-element-5fd9ae9 e-con-full e-flex e-con e-child\" data-id=\"5fd9ae9\" data-element_type=\"container\">\n\t\t\t\t<div class=\"elementor-element elementor-element-67b1dd8 elementor-widget elementor-widget-image\" data-id=\"67b1dd8\" data-element_type=\"widget\" data-widget_type=\"image.default\">\n\t\t\t\t<div class=\"elementor-widget-container\">\n\t\t\t\t\t\t\t\t\t\t\t\t\t\t\t<img decoding=\"async\" src=\"https:\/\/www.dev-sli.fr\/avocat-garnier\/wp-content\/uploads\/elementor\/thumbs\/immobilier-r458occo9cc8jzk5wh9jh352hoh8n6732d96estbcg.png\" title=\"immobilier\" alt=\"immobilier\" loading=\"lazy\" \/>\t\t\t\t\t\t\t\t\t\t\t\t\t\t\t<\/div>\n\t\t\t\t<\/div>\n\t\t\t\t<div class=\"elementor-element elementor-element-b9f0e37 elementor-widget elementor-widget-heading\" data-id=\"b9f0e37\" data-element_type=\"widget\" data-widget_type=\"heading.default\">\n\t\t\t\t<div class=\"elementor-widget-container\">\n\t\t\t\t\t<h2 class=\"elementor-heading-title elementor-size-default\">Droit du travail : protection sur le lieu de travail<\/h2>\t\t\t\t<\/div>\n\t\t\t\t<\/div>\n\t\t\t\t<div class=\"elementor-element elementor-element-47768a4 elementor-widget elementor-widget-text-editor\" data-id=\"47768a4\" data-element_type=\"widget\" data-widget_type=\"text-editor.default\">\n\t\t\t\t<div class=\"elementor-widget-container\">\n\t\t\t\t\t\t\t\t\t<div class=\"wpb_text_column wpb_content_element  wpb_animate_when_almost_visible wpb_right-to-left right-to-left wpb_start_animation animated\"><div class=\"wpb_wrapper\"><p>Votre contrat de travail et vos droits en tant qu\u2019employ\u00e9 font partie des aspects les plus importants de votre <strong>s\u00e9curit\u00e9 au travail<\/strong>. Un litige ou une faute lourde survient avec votre employeur ? L\u2019 atmosph\u00e8re au travail peut devenir tr\u00e8s pesante. Si la situation d\u00e9g\u00e9n\u00e8re et ne peut \u00eatre r\u00e9solue, vous aurez probablement besoin de conseils juridiques pour garantir la protection de vos droits en tant qu\u2019employ\u00e9.<\/p><p>Vous estimez que vos droits au travail n\u2019ont pas \u00e9t\u00e9 respect\u00e9s ? Vous avez des questions en mati\u00e8re de licenciement \u00e9conomique, dommages et int\u00e9r\u00eats, indemnit\u00e9s ou rupture conventionnelle ? Faites appel \u00e0 votre avocat en droit du travail qui vous conseillera et vous assistera dans toutes vos affaires.<\/p><\/div><\/div>\t\t\t\t\t\t\t\t<\/div>\n\t\t\t\t<\/div>\n\t\t\t\t<\/div>\n\t\t<div class=\"elementor-element elementor-element-ca8f55d e-con-full e-flex e-con e-child\" data-id=\"ca8f55d\" data-element_type=\"container\">\n\t\t\t\t<div class=\"elementor-element elementor-element-615eb19 elementor-widget elementor-widget-image\" data-id=\"615eb19\" data-element_type=\"widget\" data-widget_type=\"image.default\">\n\t\t\t\t<div class=\"elementor-widget-container\">\n\t\t\t\t\t\t\t\t\t\t\t\t\t\t\t<img decoding=\"async\" src=\"https:\/\/www.dev-sli.fr\/avocat-garnier\/wp-content\/uploads\/elementor\/thumbs\/travail-loi-1-r458z7dj8f7iprs6h6acacgtlyxxl9bf84n61wpjg0.png\" title=\"travail-loi-1\" alt=\"travail-loi-1\" loading=\"lazy\" \/>\t\t\t\t\t\t\t\t\t\t\t\t\t\t\t<\/div>\n\t\t\t\t<\/div>\n\t\t\t\t<div class=\"elementor-element elementor-element-73d3f5b elementor-widget elementor-widget-heading\" data-id=\"73d3f5b\" data-element_type=\"widget\" data-widget_type=\"heading.default\">\n\t\t\t\t<div class=\"elementor-widget-container\">\n\t\t\t\t\t<h2 class=\"elementor-heading-title elementor-size-default\">Votre avocat en droit du travail en Haute-Savoie<\/h2>\t\t\t\t<\/div>\n\t\t\t\t<\/div>\n\t\t\t\t<div class=\"elementor-element elementor-element-848bb32 elementor-widget elementor-widget-text-editor\" data-id=\"848bb32\" data-element_type=\"widget\" data-widget_type=\"text-editor.default\">\n\t\t\t\t<div class=\"elementor-widget-container\">\n\t\t\t\t\t\t\t\t\t<div class=\"wpb_text_column wpb_content_element wpb_animate_when_almost_visible wpb_left-to-right left-to-right vc_custom_1579270909300 wpb_start_animation animated\"><div class=\"wpb_wrapper\"><p>Le droit du travail peut \u00eatre complexe et d\u00e9routant, mais nous sommes\u00a0\u00a0l\u00e0 pour vous aider.<\/p><p>Nous vous informons de tous vos droits l\u00e9gaux et vous permettent de prendre les mesures qui vous conviennent le mieux.<\/p><p>Ma\u00eetrisant le code et les r\u00e8gles du droit du travail, nous traitons vos r\u00e9clamations avec discr\u00e9tion, diplomatie et d\u00e9termination pour garantir la protection de vos droits et de votre r\u00e9putation.<\/p><\/div><\/div>\t\t\t\t\t\t\t\t<\/div>\n\t\t\t\t<\/div>\n\t\t\t\t<\/div>\n\t\t\t\t<\/div>\n\t\t\t\t\t<\/div>\n\t\t\t\t<\/div>\n\t\t<div class=\"elementor-element elementor-element-c5f8562 e-flex e-con-boxed e-con e-parent\" data-id=\"c5f8562\" data-element_type=\"container\" data-settings=\"{&quot;background_background&quot;:&quot;classic&quot;}\">\n\t\t\t\t\t<div class=\"e-con-inner\">\n\t\t\t\t\t<\/div>\n\t\t\t\t<\/div>\n\t\t\t\t<\/div>\n\t\t","protected":false},"excerpt":{"rendered":"<p>Avocat en droit du travail en Haute-Savoie : services, conseil, d\u00e9fense Hautement qualifi\u00e9 dans tous les domaines du droit du travail, votre avocat Ma\u00eetre Fran\u00e7ois-Philippe Garnier a fait ses preuves aupr\u00e8s des particuliers et des professionnels de la Haute-Savoie. Ma\u00eetre Fran\u00e7ois-Philippe Garnier assure des prestations de conseil et de repr\u00e9sentation sur un large \u00e9ventail de [&hellip;]<\/p>\n","protected":false},"author":1,"featured_media":0,"parent":0,"menu_order":0,"comment_status":"closed","ping_status":"closed","template":"","meta":{"footnotes":""},"class_list":["post-166","page","type-page","status-publish","hentry"],"_links":{"self":[{"href":"https:\/\/www.dev-sli.fr\/avocat-garnier\/wp-json\/wp\/v2\/pages\/166","targetHints":{"allow":["GET"]}}],"collection":[{"href":"https:\/\/www.dev-sli.fr\/avocat-garnier\/wp-json\/wp\/v2\/pages"}],"about":[{"href":"https:\/\/www.dev-sli.fr\/avocat-garnier\/wp-json\/wp\/v2\/types\/page"}],"author":[{"embeddable":true,"href":"https:\/\/www.dev-sli.fr\/avocat-garnier\/wp-json\/wp\/v2\/users\/1"}],"replies":[{"embeddable":true,"href":"https:\/\/www.dev-sli.fr\/avocat-garnier\/wp-json\/wp\/v2\/comments?post=166"}],"version-history":[{"count":31,"href":"https:\/\/www.dev-sli.fr\/avocat-garnier\/wp-json\/wp\/v2\/pages\/166\/revisions"}],"predecessor-version":[{"id":1446,"href":"https:\/\/www.dev-sli.fr\/avocat-garnier\/wp-json\/wp\/v2\/pages\/166\/revisions\/1446"}],"wp:attachment":[{"href":"https:\/\/www.dev-sli.fr\/avocat-garnier\/wp-json\/wp\/v2\/media?parent=166"}],"curies":[{"name":"wp","href":"https:\/\/api.w.org\/{rel}","templated":true}]}}

<div data-elementor-type="wp-page" data-elementor-id="166" class="elementor elementor-166">
				<div class="elementor-element elementor-element-3f10283 e-flex e-con-boxed e-con e-parent" data-id="3f10283" data-element_type="container">
					<div class="e-con-inner">
				<div class="elementor-element elementor-element-e1a9dfe elementor-widget elementor-widget-heading" data-id="e1a9dfe" data-element_type="widget" data-widget_type="heading.default">
				<div class="elementor-widget-container">
					<h1 class="elementor-heading-title elementor-size-default">Avocat en droit du travail en Haute-Savoie : services, conseil, défense</h1>				</div>
				</div>
				<div class="elementor-element elementor-element-e4a6331 elementor-widget elementor-widget-text-editor" data-id="e4a6331" data-element_type="widget" data-widget_type="text-editor.default">
				<div class="elementor-widget-container">
									<div class="wpb_text_column wpb_content_element wpb_animate_when_almost_visible wpb_top-to-bottom top-to-bottom wpb_start_animation animated"><div class="wpb_wrapper"><p>Hautement qualifié dans tous les domaines du droit du travail, votre avocat <strong>Maître François-Philippe Garnier</strong> a fait ses preuves auprès des particuliers et des professionnels de la <strong>Haute-Savoie</strong>.</p><p><strong>Maître François-Philippe Garnier</strong> assure des prestations de conseil et de représentation sur un large éventail de questions juridiques complexes. De l&rsquo;assistance lors des accidents de travail à la négociation des conditions de rupture de contrats ou de licenciements, faites appel à nous.</p><p>L’expérience de 30 ans de votre avocat expert dans les domaines du contentieux ou du conseil de <strong>Prud’hommes </strong>lui permet de vous aider dans toutes vos affaires. En effet, il vous aiguille lors de vos négociations avec votre salarié si vous êtes dirigeant d’entreprise, ou patron si vous êtes employé.</p><p>Nous nous mobilisons et restons à votre écoute dans l’un des deux cabinets de votre Maître Garnier.</p><p>avocat. Ces cabinets se situent en <strong>Haute-Savoie</strong> à <strong>Saint-Julien-en-Genevois</strong> et <strong>Frangy</strong>.</p></div></div>								</div>
				</div>
					</div>
				</div>
		<div class="elementor-element elementor-element-eda3fcd e-flex e-con-boxed e-con e-parent" data-id="eda3fcd" data-element_type="container" data-settings="{&quot;background_background&quot;:&quot;classic&quot;}">
					<div class="e-con-inner">
					</div>
				</div>
		<div class="elementor-element elementor-element-4b8a3a1 e-flex e-con-boxed e-con e-parent" data-id="4b8a3a1" data-element_type="container">
					<div class="e-con-inner">
		<div class="elementor-element elementor-element-0fc6dd9 e-grid e-con-full e-con e-child" data-id="0fc6dd9" data-element_type="container">
		<div class="elementor-element elementor-element-5fd9ae9 e-con-full e-flex e-con e-child" data-id="5fd9ae9" data-element_type="container">
				<div class="elementor-element elementor-element-67b1dd8 elementor-widget elementor-widget-image" data-id="67b1dd8" data-element_type="widget" data-widget_type="image.default">
				<div class="elementor-widget-container">
															<img decoding="async" src="https://www.dev-sli.fr/avocat-garnier/wp-content/uploads/elementor/thumbs/immobilier-r458occo9cc8jzk5wh9jh352hoh8n6732d96estbcg.png" title="immobilier" alt="immobilier" loading="lazy" />															</div>
				</div>
				<div class="elementor-element elementor-element-b9f0e37 elementor-widget elementor-widget-heading" data-id="b9f0e37" data-element_type="widget" data-widget_type="heading.default">
				<div class="elementor-widget-container">
					<h2 class="elementor-heading-title elementor-size-default">Droit du travail : protection sur le lieu de travail</h2>				</div>
				</div>
				<div class="elementor-element elementor-element-47768a4 elementor-widget elementor-widget-text-editor" data-id="47768a4" data-element_type="widget" data-widget_type="text-editor.default">
				<div class="elementor-widget-container">
									<div class="wpb_text_column wpb_content_element  wpb_animate_when_almost_visible wpb_right-to-left right-to-left wpb_start_animation animated"><div class="wpb_wrapper"><p>Votre contrat de travail et vos droits en tant qu’employé font partie des aspects les plus importants de votre <strong>sécurité au travail</strong>. Un litige ou une faute lourde survient avec votre employeur ? L’ atmosphère au travail peut devenir très pesante. Si la situation dégénère et ne peut être résolue, vous aurez probablement besoin de conseils juridiques pour garantir la protection de vos droits en tant qu’employé.</p><p>Vous estimez que vos droits au travail n’ont pas été respectés ? Vous avez des questions en matière de licenciement économique, dommages et intérêts, indemnités ou rupture conventionnelle ? Faites appel à votre avocat en droit du travail qui vous conseillera et vous assistera dans toutes vos affaires.</p></div></div>								</div>
				</div>
				</div>
		<div class="elementor-element elementor-element-ca8f55d e-con-full e-flex e-con e-child" data-id="ca8f55d" data-element_type="container">
				<div class="elementor-element elementor-element-615eb19 elementor-widget elementor-widget-image" data-id="615eb19" data-element_type="widget" data-widget_type="image.default">
				<div class="elementor-widget-container">
															<img decoding="async" src="https://www.dev-sli.fr/avocat-garnier/wp-content/uploads/elementor/thumbs/travail-loi-1-r458z7dj8f7iprs6h6acacgtlyxxl9bf84n61wpjg0.png" title="travail-loi-1" alt="travail-loi-1" loading="lazy" />															</div>
				</div>
				<div class="elementor-element elementor-element-73d3f5b elementor-widget elementor-widget-heading" data-id="73d3f5b" data-element_type="widget" data-widget_type="heading.default">
				<div class="elementor-widget-container">
					<h2 class="elementor-heading-title elementor-size-default">Votre avocat en droit du travail en Haute-Savoie</h2>				</div>
				</div>
				<div class="elementor-element elementor-element-848bb32 elementor-widget elementor-widget-text-editor" data-id="848bb32" data-element_type="widget" data-widget_type="text-editor.default">
				<div class="elementor-widget-container">
									<div class="wpb_text_column wpb_content_element wpb_animate_when_almost_visible wpb_left-to-right left-to-right vc_custom_1579270909300 wpb_start_animation animated"><div class="wpb_wrapper"><p>Le droit du travail peut être complexe et déroutant, mais nous sommes  là pour vous aider.</p><p>Nous vous informons de tous vos droits légaux et vous permettent de prendre les mesures qui vous conviennent le mieux.</p><p>Maîtrisant le code et les règles du droit du travail, nous traitons vos réclamations avec discrétion, diplomatie et détermination pour garantir la protection de vos droits et de votre réputation.</p></div></div>								</div>
				</div>
				</div>
				</div>
					</div>
				</div>
		<div class="elementor-element elementor-element-c5f8562 e-flex e-con-boxed e-con e-parent" data-id="c5f8562" data-element_type="container" data-settings="{&quot;background_background&quot;:&quot;classic&quot;}">
					<div class="e-con-inner">
					</div>
				</div>
				</div>

<p>Avocat en droit du travail en Haute-Savoie : services, conseil, défense Hautement qualifié dans tous les domaines du droit du travail, votre avocat Maître François-Philippe Garnier a fait ses preuves auprès des particuliers et des professionnels de la Haute-Savoie. Maître François-Philippe Garnier assure des prestations de conseil et de représentation sur un large éventail de [&hellip;]</p>
