{"id":170,"date":"2025-04-07T17:12:06","date_gmt":"2025-04-07T15:12:06","guid":{"rendered":"https:\/\/www.dev-sli.fr\/avocat-garnier\/?page_id=170"},"modified":"2025-07-30T14:45:23","modified_gmt":"2025-07-30T12:45:23","slug":"le-cabinet","status":"publish","type":"page","link":"https:\/\/www.dev-sli.fr\/avocat-garnier\/le-cabinet\/","title":{"rendered":"Le cabinet"},"content":{"rendered":"\t\t<div data-elementor-type=\"wp-page\" data-elementor-id=\"170\" class=\"elementor elementor-170\">\n\t\t\t\t<div class=\"elementor-element elementor-element-7e13e18 e-flex e-con-boxed e-con e-parent\" data-id=\"7e13e18\" data-element_type=\"container\">\n\t\t\t\t\t<div class=\"e-con-inner\">\n\t\t\t\t<div class=\"elementor-element elementor-element-47c9aa4 elementor-widget elementor-widget-heading\" data-id=\"47c9aa4\" data-element_type=\"widget\" data-widget_type=\"heading.default\">\n\t\t\t\t<div class=\"elementor-widget-container\">\n\t\t\t\t\t<h1 class=\"elementor-heading-title elementor-size-default\">Un cabinet d'avocat <span style=\"color: inherit;font-family: inherit;font-size: 2.5rem;text-align: center\">en Haute-Savoie : \u00e0 Saint-Julien-en-Genevois et Frangy<\/span><span style=\"color: inherit;font-family: inherit;font-size: 2.5rem\"><\/span><br><\/h1>\t\t\t\t<\/div>\n\t\t\t\t<\/div>\n\t\t\t\t<div class=\"elementor-element elementor-element-dd10645 elementor-widget elementor-widget-text-editor\" data-id=\"dd10645\" data-element_type=\"widget\" data-widget_type=\"text-editor.default\">\n\t\t\t\t<div class=\"elementor-widget-container\">\n\t\t\t\t\t\t\t\t\t<p>Depuis plus de 30 ans, notre cabinet d\u2019avocat conseille, accompagne et repr\u00e9sente les particuliers et les professionnels sur tout le ressort de la Cour d&rsquo;Appel de Chamb\u00e9ry (Bonnevile &#8211; Annecy &#8211; Thonon &#8211; Albertville &#8211; Chamb\u00e9ry) et sur la France enti\u00e8re. Nos deux bureaux interviennent dans de nombreux <a href=\"https:\/\/www.dev-sli.fr\/avocat-garnier\/#nos-competences\">domaines de comp\u00e9tences<\/a> : la famille, le travail, les affaires, etc., pour d\u00e9fendre vos droits.<\/p>\t\t\t\t\t\t\t\t<\/div>\n\t\t\t\t<\/div>\n\t\t\t\t\t<\/div>\n\t\t\t\t<\/div>\n\t\t<div class=\"elementor-element elementor-element-238f091 e-flex e-con-boxed e-con e-parent\" data-id=\"238f091\" data-element_type=\"container\">\n\t\t\t\t\t<div class=\"e-con-inner\">\n\t\t<div class=\"elementor-element elementor-element-513ca2e e-grid e-con-full e-con e-child\" data-id=\"513ca2e\" data-element_type=\"container\">\n\t\t<div class=\"elementor-element elementor-element-bbb39c5 e-con-full e-flex e-con e-child\" data-id=\"bbb39c5\" data-element_type=\"container\">\n\t\t\t\t<div class=\"elementor-element elementor-element-94dd493 elementor-widget elementor-widget-image\" data-id=\"94dd493\" data-element_type=\"widget\" data-widget_type=\"image.default\">\n\t\t\t\t<div class=\"elementor-widget-container\">\n\t\t\t\t\t\t\t\t\t\t\t\t\t\t\t<img fetchpriority=\"high\" decoding=\"async\" width=\"800\" height=\"534\" src=\"https:\/\/www.dev-sli.fr\/avocat-garnier\/wp-content\/uploads\/2025\/04\/cabinet-de-saint-julien-1_BW.jpg\" class=\"attachment-large size-large wp-image-787\" alt=\"\" srcset=\"https:\/\/www.dev-sli.fr\/avocat-garnier\/wp-content\/uploads\/2025\/04\/cabinet-de-saint-julien-1_BW.jpg 1000w, https:\/\/www.dev-sli.fr\/avocat-garnier\/wp-content\/uploads\/2025\/04\/cabinet-de-saint-julien-1_BW-300x200.jpg 300w, https:\/\/www.dev-sli.fr\/avocat-garnier\/wp-content\/uploads\/2025\/04\/cabinet-de-saint-julien-1_BW-768x513.jpg 768w\" sizes=\"(max-width: 800px) 100vw, 800px\" \/>\t\t\t\t\t\t\t\t\t\t\t\t\t\t\t<\/div>\n\t\t\t\t<\/div>\n\t\t\t\t<div class=\"elementor-element elementor-element-0caaf6a elementor-widget elementor-widget-heading\" data-id=\"0caaf6a\" data-element_type=\"widget\" data-widget_type=\"heading.default\">\n\t\t\t\t<div class=\"elementor-widget-container\">\n\t\t\t\t\t<h2 class=\"elementor-heading-title elementor-size-default\">Notre bureau \u00e0 Saint-Julien-en-Genevois<\/h2>\t\t\t\t<\/div>\n\t\t\t\t<\/div>\n\t\t\t\t<div class=\"elementor-element elementor-element-bd77c48 elementor-widget elementor-widget-text-editor\" data-id=\"bd77c48\" data-element_type=\"widget\" data-widget_type=\"text-editor.default\">\n\t\t\t\t<div class=\"elementor-widget-container\">\n\t\t\t\t\t\t\t\t\t<p>A Saint-Julien-en-Genevois au 15 A avenue de Gen\u00e8ve, l\u2019Eden Parc, \u00e0 proximit\u00e9 imm\u00e9diate de la fronti\u00e8re suisse, et sur le ressort du tribunal judiciaire de Thonon-les-Bains.<\/p>\t\t\t\t\t\t\t\t<\/div>\n\t\t\t\t<\/div>\n\t\t\t\t<\/div>\n\t\t<div class=\"elementor-element elementor-element-79647da e-con-full e-flex e-con e-child\" data-id=\"79647da\" data-element_type=\"container\">\n\t\t\t\t<div class=\"elementor-element elementor-element-618f2ec elementor-widget elementor-widget-image\" data-id=\"618f2ec\" data-element_type=\"widget\" data-widget_type=\"image.default\">\n\t\t\t\t<div class=\"elementor-widget-container\">\n\t\t\t\t\t\t\t\t\t\t\t\t\t\t\t<img decoding=\"async\" width=\"800\" height=\"534\" src=\"https:\/\/www.dev-sli.fr\/avocat-garnier\/wp-content\/uploads\/2025\/04\/cabinet-de-frangy_BW.jpg\" class=\"attachment-large size-large wp-image-786\" alt=\"\" srcset=\"https:\/\/www.dev-sli.fr\/avocat-garnier\/wp-content\/uploads\/2025\/04\/cabinet-de-frangy_BW.jpg 1000w, https:\/\/www.dev-sli.fr\/avocat-garnier\/wp-content\/uploads\/2025\/04\/cabinet-de-frangy_BW-300x200.jpg 300w, https:\/\/www.dev-sli.fr\/avocat-garnier\/wp-content\/uploads\/2025\/04\/cabinet-de-frangy_BW-768x513.jpg 768w\" sizes=\"(max-width: 800px) 100vw, 800px\" \/>\t\t\t\t\t\t\t\t\t\t\t\t\t\t\t<\/div>\n\t\t\t\t<\/div>\n\t\t\t\t<div class=\"elementor-element elementor-element-9ee78bd elementor-widget elementor-widget-heading\" data-id=\"9ee78bd\" data-element_type=\"widget\" data-widget_type=\"heading.default\">\n\t\t\t\t<div class=\"elementor-widget-container\">\n\t\t\t\t\t<h2 class=\"elementor-heading-title elementor-size-default\">Notre bureau \u00e0 Frangy<\/h2>\t\t\t\t<\/div>\n\t\t\t\t<\/div>\n\t\t\t\t<div class=\"elementor-element elementor-element-ab2b367 elementor-widget elementor-widget-text-editor\" data-id=\"ab2b367\" data-element_type=\"widget\" data-widget_type=\"text-editor.default\">\n\t\t\t\t<div class=\"elementor-widget-container\">\n\t\t\t\t\t\t\t\t\t<p>En 2016, <a href=\"https:\/\/avocat-garnier.site-privilege.pagesjaunes.fr\/\">Ma\u00eetre Fran\u00e7ois-Philippe GARNIER<\/a> a ouvert un cabinet \u00e0 Frangy, dans la Vall\u00e9e des Usses, au sud de Vuache et au carrefour des routes d\u2019Annecy, Bellegarde, Seyssel et Rumilly. Nous vous accueillons \u00e0 la Maison du Droit et du Chiffre au 685 rue du Grand Pont.<\/p>\t\t\t\t\t\t\t\t<\/div>\n\t\t\t\t<\/div>\n\t\t\t\t<\/div>\n\t\t\t\t<\/div>\n\t\t\t\t\t<\/div>\n\t\t\t\t<\/div>\n\t\t<div class=\"elementor-element elementor-element-89693c9 e-flex e-con-boxed e-con e-parent\" data-id=\"89693c9\" data-element_type=\"container\" data-settings=\"{&quot;background_background&quot;:&quot;classic&quot;}\">\n\t\t\t\t\t<div class=\"e-con-inner\">\n\t\t\t\t<div class=\"elementor-element elementor-element-47c605d elementor-widget elementor-widget-heading\" data-id=\"47c605d\" data-element_type=\"widget\" data-widget_type=\"heading.default\">\n\t\t\t\t<div class=\"elementor-widget-container\">\n\t\t\t\t\t<h2 class=\"elementor-heading-title elementor-size-default\">Une \u00e9quipe de collaborateurs comp\u00e9tents pour la d\u00e9fense de vos droits<\/h2>\t\t\t\t<\/div>\n\t\t\t\t<\/div>\n\t\t\t\t\t<\/div>\n\t\t\t\t<\/div>\n\t\t<div class=\"elementor-element elementor-element-36a10ec e-flex e-con-boxed e-con e-parent\" data-id=\"36a10ec\" data-element_type=\"container\">\n\t\t\t\t\t<div class=\"e-con-inner\">\n\t\t\t\t<div class=\"elementor-element elementor-element-f709c30 elementor-widget elementor-widget-image\" data-id=\"f709c30\" data-element_type=\"widget\" data-widget_type=\"image.default\">\n\t\t\t\t<div class=\"elementor-widget-container\">\n\t\t\t\t\t\t\t\t\t\t\t\t\t\t\t<img decoding=\"async\" src=\"https:\/\/www.dev-sli.fr\/avocat-garnier\/wp-content\/uploads\/elementor\/thumbs\/P1050080-1-r45nuhiurye9eyv2jn1fgo7jau2y9dj04uz7nenw3o.jpg\" title=\"P1050080-1\" alt=\"Photo Ma\u00eetre Garnier\" loading=\"lazy\" \/>\t\t\t\t\t\t\t\t\t\t\t\t\t\t\t<\/div>\n\t\t\t\t<\/div>\n\t\t\t\t<div class=\"elementor-element elementor-element-b254c30 elementor-widget elementor-widget-text-editor\" data-id=\"b254c30\" data-element_type=\"widget\" data-widget_type=\"text-editor.default\">\n\t\t\t\t<div class=\"elementor-widget-container\">\n\t\t\t\t\t\t\t\t\t<div id=\"row-3\" class=\"vc_row wpb_row vc_row-fluid\"><div class=\"column-1 avocat wpb_column vc_column_container vc_col-sm-12\"><div class=\"vc_column-inner\"><div class=\"wpb_wrapper\"><div class=\"wpb_text_column wpb_content_element  wpb_animate_when_almost_visible wpb_left-to-right left-to-right wpb_start_animation animated\"><div class=\"wpb_wrapper\"><p>Ma\u00eetre Fran\u00e7ois-Philippe GARNIER, <strong>avocat depuis 1989<\/strong>, est inscrit au barreau de Thonon et des Pays du Mont-Blanc. Il poss\u00e8de un dipl\u00f4me de droit priv\u00e9 g\u00e9n\u00e9ral option droit des affaires et un DEA de droit europ\u00e9en.<\/p><p>Il a \u00e9t\u00e9 \u00e9lu b\u00e2tonnier du barreau de Bonneville et des Pays du Mont-Blanc de 2010 et 2011, pour assurer la pr\u00e9sidence du Conseil de l\u2019ordre.<\/p><\/div><\/div><\/div><\/div><\/div><\/div>\t\t\t\t\t\t\t\t<\/div>\n\t\t\t\t<\/div>\n\t\t\t\t\t<\/div>\n\t\t\t\t<\/div>\n\t\t<div class=\"elementor-element elementor-element-102532a e-flex e-con-boxed e-con e-parent\" data-id=\"102532a\" data-element_type=\"container\" data-settings=\"{&quot;background_background&quot;:&quot;classic&quot;}\">\n\t\t\t\t\t<div class=\"e-con-inner\">\n\t\t\t\t\t<\/div>\n\t\t\t\t<\/div>\n\t\t\t\t<\/div>\n\t\t","protected":false},"excerpt":{"rendered":"<p>Un cabinet d&rsquo;avocat en Haute-Savoie : \u00e0 Saint-Julien-en-Genevois et Frangy Depuis plus de 30 ans, notre cabinet d\u2019avocat conseille, accompagne et repr\u00e9sente les particuliers et les professionnels sur tout le ressort de la Cour d&rsquo;Appel de Chamb\u00e9ry (Bonnevile &#8211; Annecy &#8211; Thonon &#8211; Albertville &#8211; Chamb\u00e9ry) et sur la France enti\u00e8re. Nos deux bureaux interviennent [&hellip;]<\/p>\n","protected":false},"author":1,"featured_media":0,"parent":0,"menu_order":0,"comment_status":"closed","ping_status":"closed","template":"","meta":{"footnotes":""},"class_list":["post-170","page","type-page","status-publish","hentry"],"_links":{"self":[{"href":"https:\/\/www.dev-sli.fr\/avocat-garnier\/wp-json\/wp\/v2\/pages\/170","targetHints":{"allow":["GET"]}}],"collection":[{"href":"https:\/\/www.dev-sli.fr\/avocat-garnier\/wp-json\/wp\/v2\/pages"}],"about":[{"href":"https:\/\/www.dev-sli.fr\/avocat-garnier\/wp-json\/wp\/v2\/types\/page"}],"author":[{"embeddable":true,"href":"https:\/\/www.dev-sli.fr\/avocat-garnier\/wp-json\/wp\/v2\/users\/1"}],"replies":[{"embeddable":true,"href":"https:\/\/www.dev-sli.fr\/avocat-garnier\/wp-json\/wp\/v2\/comments?post=170"}],"version-history":[{"count":79,"href":"https:\/\/www.dev-sli.fr\/avocat-garnier\/wp-json\/wp\/v2\/pages\/170\/revisions"}],"predecessor-version":[{"id":1415,"href":"https:\/\/www.dev-sli.fr\/avocat-garnier\/wp-json\/wp\/v2\/pages\/170\/revisions\/1415"}],"wp:attachment":[{"href":"https:\/\/www.dev-sli.fr\/avocat-garnier\/wp-json\/wp\/v2\/media?parent=170"}],"curies":[{"name":"wp","href":"https:\/\/api.w.org\/{rel}","templated":true}]}}

<div data-elementor-type="wp-page" data-elementor-id="170" class="elementor elementor-170">
				<div class="elementor-element elementor-element-7e13e18 e-flex e-con-boxed e-con e-parent" data-id="7e13e18" data-element_type="container">
					<div class="e-con-inner">
				<div class="elementor-element elementor-element-47c9aa4 elementor-widget elementor-widget-heading" data-id="47c9aa4" data-element_type="widget" data-widget_type="heading.default">
				<div class="elementor-widget-container">
					<h1 class="elementor-heading-title elementor-size-default">Un cabinet d'avocat <span style="color: inherit;font-family: inherit;font-size: 2.5rem;text-align: center">en Haute-Savoie : à Saint-Julien-en-Genevois et Frangy</span><span style="color: inherit;font-family: inherit;font-size: 2.5rem"></span><br></h1>				</div>
				</div>
				<div class="elementor-element elementor-element-dd10645 elementor-widget elementor-widget-text-editor" data-id="dd10645" data-element_type="widget" data-widget_type="text-editor.default">
				<div class="elementor-widget-container">
									<p>Depuis plus de 30 ans, notre cabinet d’avocat conseille, accompagne et représente les particuliers et les professionnels sur tout le ressort de la Cour d&rsquo;Appel de Chambéry (Bonnevile &#8211; Annecy &#8211; Thonon &#8211; Albertville &#8211; Chambéry) et sur la France entière. Nos deux bureaux interviennent dans de nombreux <a href="https://www.dev-sli.fr/avocat-garnier/#nos-competences">domaines de compétences</a> : la famille, le travail, les affaires, etc., pour défendre vos droits.</p>								</div>
				</div>
					</div>
				</div>
		<div class="elementor-element elementor-element-238f091 e-flex e-con-boxed e-con e-parent" data-id="238f091" data-element_type="container">
					<div class="e-con-inner">
		<div class="elementor-element elementor-element-513ca2e e-grid e-con-full e-con e-child" data-id="513ca2e" data-element_type="container">
		<div class="elementor-element elementor-element-bbb39c5 e-con-full e-flex e-con e-child" data-id="bbb39c5" data-element_type="container">
				<div class="elementor-element elementor-element-94dd493 elementor-widget elementor-widget-image" data-id="94dd493" data-element_type="widget" data-widget_type="image.default">
				<div class="elementor-widget-container">
															<img fetchpriority="high" decoding="async" width="800" height="534" src="https://www.dev-sli.fr/avocat-garnier/wp-content/uploads/2025/04/cabinet-de-saint-julien-1_BW.jpg" class="attachment-large size-large wp-image-787" alt="" srcset="https://www.dev-sli.fr/avocat-garnier/wp-content/uploads/2025/04/cabinet-de-saint-julien-1_BW.jpg 1000w, https://www.dev-sli.fr/avocat-garnier/wp-content/uploads/2025/04/cabinet-de-saint-julien-1_BW-300x200.jpg 300w, https://www.dev-sli.fr/avocat-garnier/wp-content/uploads/2025/04/cabinet-de-saint-julien-1_BW-768x513.jpg 768w" sizes="(max-width: 800px) 100vw, 800px" />															</div>
				</div>
				<div class="elementor-element elementor-element-0caaf6a elementor-widget elementor-widget-heading" data-id="0caaf6a" data-element_type="widget" data-widget_type="heading.default">
				<div class="elementor-widget-container">
					<h2 class="elementor-heading-title elementor-size-default">Notre bureau à Saint-Julien-en-Genevois</h2>				</div>
				</div>
				<div class="elementor-element elementor-element-bd77c48 elementor-widget elementor-widget-text-editor" data-id="bd77c48" data-element_type="widget" data-widget_type="text-editor.default">
				<div class="elementor-widget-container">
									<p>A Saint-Julien-en-Genevois au 15 A avenue de Genève, l’Eden Parc, à proximité immédiate de la frontière suisse, et sur le ressort du tribunal judiciaire de Thonon-les-Bains.</p>								</div>
				</div>
				</div>
		<div class="elementor-element elementor-element-79647da e-con-full e-flex e-con e-child" data-id="79647da" data-element_type="container">
				<div class="elementor-element elementor-element-618f2ec elementor-widget elementor-widget-image" data-id="618f2ec" data-element_type="widget" data-widget_type="image.default">
				<div class="elementor-widget-container">
															<img decoding="async" width="800" height="534" src="https://www.dev-sli.fr/avocat-garnier/wp-content/uploads/2025/04/cabinet-de-frangy_BW.jpg" class="attachment-large size-large wp-image-786" alt="" srcset="https://www.dev-sli.fr/avocat-garnier/wp-content/uploads/2025/04/cabinet-de-frangy_BW.jpg 1000w, https://www.dev-sli.fr/avocat-garnier/wp-content/uploads/2025/04/cabinet-de-frangy_BW-300x200.jpg 300w, https://www.dev-sli.fr/avocat-garnier/wp-content/uploads/2025/04/cabinet-de-frangy_BW-768x513.jpg 768w" sizes="(max-width: 800px) 100vw, 800px" />															</div>
				</div>
				<div class="elementor-element elementor-element-9ee78bd elementor-widget elementor-widget-heading" data-id="9ee78bd" data-element_type="widget" data-widget_type="heading.default">
				<div class="elementor-widget-container">
					<h2 class="elementor-heading-title elementor-size-default">Notre bureau à Frangy</h2>				</div>
				</div>
				<div class="elementor-element elementor-element-ab2b367 elementor-widget elementor-widget-text-editor" data-id="ab2b367" data-element_type="widget" data-widget_type="text-editor.default">
				<div class="elementor-widget-container">
									<p>En 2016, <a href="https://avocat-garnier.site-privilege.pagesjaunes.fr/">Maître François-Philippe GARNIER</a> a ouvert un cabinet à Frangy, dans la Vallée des Usses, au sud de Vuache et au carrefour des routes d’Annecy, Bellegarde, Seyssel et Rumilly. Nous vous accueillons à la Maison du Droit et du Chiffre au 685 rue du Grand Pont.</p>								</div>
				</div>
				</div>
				</div>
					</div>
				</div>
		<div class="elementor-element elementor-element-89693c9 e-flex e-con-boxed e-con e-parent" data-id="89693c9" data-element_type="container" data-settings="{&quot;background_background&quot;:&quot;classic&quot;}">
					<div class="e-con-inner">
				<div class="elementor-element elementor-element-47c605d elementor-widget elementor-widget-heading" data-id="47c605d" data-element_type="widget" data-widget_type="heading.default">
				<div class="elementor-widget-container">
					<h2 class="elementor-heading-title elementor-size-default">Une équipe de collaborateurs compétents pour la défense de vos droits</h2>				</div>
				</div>
					</div>
				</div>
		<div class="elementor-element elementor-element-36a10ec e-flex e-con-boxed e-con e-parent" data-id="36a10ec" data-element_type="container">
					<div class="e-con-inner">
				<div class="elementor-element elementor-element-f709c30 elementor-widget elementor-widget-image" data-id="f709c30" data-element_type="widget" data-widget_type="image.default">
				<div class="elementor-widget-container">
															<img decoding="async" src="https://www.dev-sli.fr/avocat-garnier/wp-content/uploads/elementor/thumbs/P1050080-1-r45nuhiurye9eyv2jn1fgo7jau2y9dj04uz7nenw3o.jpg" title="P1050080-1" alt="Photo Maître Garnier" loading="lazy" />															</div>
				</div>
				<div class="elementor-element elementor-element-b254c30 elementor-widget elementor-widget-text-editor" data-id="b254c30" data-element_type="widget" data-widget_type="text-editor.default">
				<div class="elementor-widget-container">
									<div id="row-3" class="vc_row wpb_row vc_row-fluid"><div class="column-1 avocat wpb_column vc_column_container vc_col-sm-12"><div class="vc_column-inner"><div class="wpb_wrapper"><div class="wpb_text_column wpb_content_element  wpb_animate_when_almost_visible wpb_left-to-right left-to-right wpb_start_animation animated"><div class="wpb_wrapper"><p>Maître François-Philippe GARNIER, <strong>avocat depuis 1989</strong>, est inscrit au barreau de Thonon et des Pays du Mont-Blanc. Il possède un diplôme de droit privé général option droit des affaires et un DEA de droit européen.</p><p>Il a été élu bâtonnier du barreau de Bonneville et des Pays du Mont-Blanc de 2010 et 2011, pour assurer la présidence du Conseil de l’ordre.</p></div></div></div></div></div></div>								</div>
				</div>
					</div>
				</div>
		<div class="elementor-element elementor-element-102532a e-flex e-con-boxed e-con e-parent" data-id="102532a" data-element_type="container" data-settings="{&quot;background_background&quot;:&quot;classic&quot;}">
					<div class="e-con-inner">
					</div>
				</div>
				</div>

<p>Un cabinet d&rsquo;avocat en Haute-Savoie : à Saint-Julien-en-Genevois et Frangy Depuis plus de 30 ans, notre cabinet d’avocat conseille, accompagne et représente les particuliers et les professionnels sur tout le ressort de la Cour d&rsquo;Appel de Chambéry (Bonnevile &#8211; Annecy &#8211; Thonon &#8211; Albertville &#8211; Chambéry) et sur la France entière. Nos deux bureaux interviennent [&hellip;]</p>
