{"id":172,"date":"2025-04-07T17:12:36","date_gmt":"2025-04-07T15:12:36","guid":{"rendered":"https:\/\/www.dev-sli.fr\/avocat-garnier\/?page_id=172"},"modified":"2025-04-11T16:20:47","modified_gmt":"2025-04-11T14:20:47","slug":"mentions-legales-et-vie-privee","status":"publish","type":"page","link":"https:\/\/www.dev-sli.fr\/avocat-garnier\/mentions-legales-et-vie-privee\/","title":{"rendered":"Mentions L\u00e9gales et Vie Priv\u00e9e"},"content":{"rendered":"\t\t<div data-elementor-type=\"wp-page\" data-elementor-id=\"172\" class=\"elementor elementor-172\">\n\t\t\t\t<div class=\"elementor-element elementor-element-7b6da7e e-flex e-con-boxed e-con e-parent\" data-id=\"7b6da7e\" data-element_type=\"container\">\n\t\t\t\t\t<div class=\"e-con-inner\">\n\t\t\t\t<div class=\"elementor-element elementor-element-ae3341e elementor-widget elementor-widget-text-editor\" data-id=\"ae3341e\" data-element_type=\"widget\" data-widget_type=\"text-editor.default\">\n\t\t\t\t<div class=\"elementor-widget-container\">\n\t\t\t\t\t\t\t\t\t<div class=\"section the_content has_content\"><div class=\"section_wrapper\"><div class=\"the_content_wrapper\"><div class=\"vc_row wpb_row vc_row-fluid\"><div class=\"wpb_column vc_column_container vc_col-sm-12\"><div class=\"vc_column-inner\"><div class=\"wpb_wrapper\"><div class=\"wpb_text_column wpb_content_element  vc_custom_1735307917612\"><div class=\"wpb_wrapper\"><p>Ce site est \u00e9dit\u00e9 par :<\/p><p>Nom ou Raison sociale : M. Garnier Fran\u00e7ois-Philippe<br \/>N\u00b0 SIRET : 37901153900028<br \/>Adresse : 15A, Avenue de Gen\u00e8ve<br \/>Code postal : 74160<br \/>Ville : Saint Julien-en-Genevois<br \/>T\u00e9l\u00e9phone : 0450353333<br \/>Adresse \u00e9lectronique: <a href=\"mailto:garnier-avocat@wanadoo.fr\" target=\"_blank\" rel=\"noopener noreferrer\">garnier-avocat@wanadoo.fr<\/a><br \/>Directeur de la r\u00e9daction et de la publication : M.Garnier Fran\u00e7ois-Philippe<\/p><p>L\u2019h\u00e9bergement est assur\u00e9 par Google.<\/p><p>Google Data-Base<br \/>7331 Mons Saint-Ghislain<br \/>Belgique<\/p><\/div><\/div><\/div><\/div><\/div><\/div><\/div><\/div><\/div>\t\t\t\t\t\t\t\t<\/div>\n\t\t\t\t<\/div>\n\t\t\t\t\t<\/div>\n\t\t\t\t<\/div>\n\t\t\t\t<\/div>\n\t\t","protected":false},"excerpt":{"rendered":"<p>Ce site est \u00e9dit\u00e9 par : Nom ou Raison sociale : M. Garnier Fran\u00e7ois-PhilippeN\u00b0 SIRET : 37901153900028Adresse : 15A, Avenue de Gen\u00e8veCode postal : 74160Ville : Saint Julien-en-GenevoisT\u00e9l\u00e9phone : 0450353333Adresse \u00e9lectronique: garnier-avocat@wanadoo.frDirecteur de la r\u00e9daction et de la publication : M.Garnier Fran\u00e7ois-Philippe L\u2019h\u00e9bergement est assur\u00e9 par Google. Google Data-Base7331 Mons Saint-GhislainBelgique<\/p>\n","protected":false},"author":1,"featured_media":0,"parent":0,"menu_order":0,"comment_status":"closed","ping_status":"closed","template":"","meta":{"footnotes":""},"class_list":["post-172","page","type-page","status-publish","hentry"],"_links":{"self":[{"href":"https:\/\/www.dev-sli.fr\/avocat-garnier\/wp-json\/wp\/v2\/pages\/172","targetHints":{"allow":["GET"]}}],"collection":[{"href":"https:\/\/www.dev-sli.fr\/avocat-garnier\/wp-json\/wp\/v2\/pages"}],"about":[{"href":"https:\/\/www.dev-sli.fr\/avocat-garnier\/wp-json\/wp\/v2\/types\/page"}],"author":[{"embeddable":true,"href":"https:\/\/www.dev-sli.fr\/avocat-garnier\/wp-json\/wp\/v2\/users\/1"}],"replies":[{"embeddable":true,"href":"https:\/\/www.dev-sli.fr\/avocat-garnier\/wp-json\/wp\/v2\/comments?post=172"}],"version-history":[{"count":4,"href":"https:\/\/www.dev-sli.fr\/avocat-garnier\/wp-json\/wp\/v2\/pages\/172\/revisions"}],"predecessor-version":[{"id":1042,"href":"https:\/\/www.dev-sli.fr\/avocat-garnier\/wp-json\/wp\/v2\/pages\/172\/revisions\/1042"}],"wp:attachment":[{"href":"https:\/\/www.dev-sli.fr\/avocat-garnier\/wp-json\/wp\/v2\/media?parent=172"}],"curies":[{"name":"wp","href":"https:\/\/api.w.org\/{rel}","templated":true}]}}

Mentions Légales et Vie Privée

<div data-elementor-type="wp-page" data-elementor-id="172" class="elementor elementor-172">
				<div class="elementor-element elementor-element-7b6da7e e-flex e-con-boxed e-con e-parent" data-id="7b6da7e" data-element_type="container">
					<div class="e-con-inner">
				<div class="elementor-element elementor-element-ae3341e elementor-widget elementor-widget-text-editor" data-id="ae3341e" data-element_type="widget" data-widget_type="text-editor.default">
				<div class="elementor-widget-container">
									<div class="section the_content has_content"><div class="section_wrapper"><div class="the_content_wrapper"><div class="vc_row wpb_row vc_row-fluid"><div class="wpb_column vc_column_container vc_col-sm-12"><div class="vc_column-inner"><div class="wpb_wrapper"><div class="wpb_text_column wpb_content_element  vc_custom_1735307917612"><div class="wpb_wrapper"><p>Ce site est édité par :</p><p>Nom ou Raison sociale : M. Garnier François-Philippe<br />N° SIRET : 37901153900028<br />Adresse : 15A, Avenue de Genève<br />Code postal : 74160<br />Ville : Saint Julien-en-Genevois<br />Téléphone : 0450353333<br />Adresse électronique: <a href="mailto:garnier-avocat@wanadoo.fr" target="_blank" rel="noopener noreferrer">garnier-avocat@wanadoo.fr</a><br />Directeur de la rédaction et de la publication : M.Garnier François-Philippe</p><p>L’hébergement est assuré par Google.</p><p>Google Data-Base<br />7331 Mons Saint-Ghislain<br />Belgique</p></div></div></div></div></div></div></div></div></div>								</div>
				</div>
					</div>
				</div>
				</div>

<p>Ce site est édité par : Nom ou Raison sociale : M. Garnier François-PhilippeN° SIRET : 37901153900028Adresse : 15A, Avenue de GenèveCode postal : 74160Ville : Saint Julien-en-GenevoisTéléphone : 0450353333Adresse électronique: garnier-avocat@wanadoo.frDirecteur de la rédaction et de la publication : M.Garnier François-Philippe L’hébergement est assuré par Google. Google Data-Base7331 Mons Saint-GhislainBelgique</p>
