{"id":260,"date":"2020-12-18T17:03:39","date_gmt":"2020-12-18T16:03:39","guid":{"rendered":"http:\/\/localhost\/sli\/?page_id=260"},"modified":"2022-03-07T16:10:27","modified_gmt":"2022-03-07T15:10:27","slug":"notre-societe","status":"publish","type":"page","link":"https:\/\/www.dev-sli.fr\/sli\/notre-societe\/","title":{"rendered":"Nos Domaines de Comp\u00e9tences"},"content":{"rendered":"<div id=\"pl-260\"  class=\"panel-layout\" ><div id=\"pg-260-0\"  class=\"panel-grid panel-no-style\" ><div id=\"pgc-260-0-0\"  class=\"panel-grid-cell panel-grid-cell-empty\" ><\/div><div id=\"pgc-260-0-1\"  class=\"panel-grid-cell panel-grid-cell-mobile-last\" ><div id=\"panel-260-0-1-0\" class=\"so-panel widget widget_media_image panel-first-child panel-last-child\" data-index=\"0\" ><img loading=\"lazy\" decoding=\"async\" width=\"673\" height=\"416\" src=\"https:\/\/www.dev-sli.fr\/sli\/wp-content\/uploads\/2021\/01\/new-logo-v2.png\" class=\"image wp-image-652  attachment-full size-full\" alt=\"\" style=\"max-width: 100%; height: auto;\" srcset=\"https:\/\/www.dev-sli.fr\/sli\/wp-content\/uploads\/2021\/01\/new-logo-v2.png 673w, https:\/\/www.dev-sli.fr\/sli\/wp-content\/uploads\/2021\/01\/new-logo-v2-300x185.png 300w\" sizes=\"auto, (max-width: 673px) 100vw, 673px\" \/><\/div><\/div><div id=\"pgc-260-0-2\"  class=\"panel-grid-cell panel-grid-cell-empty\" ><\/div><\/div><div id=\"pg-260-1\"  class=\"panel-grid panel-no-style\" ><div id=\"pgc-260-1-0\"  class=\"panel-grid-cell\" ><div id=\"panel-260-1-0-0\" class=\"so-panel widget widget_media_image panel-first-child panel-last-child\" data-index=\"1\" ><img loading=\"lazy\" decoding=\"async\" width=\"300\" height=\"93\" src=\"https:\/\/www.dev-sli.fr\/sli\/wp-content\/uploads\/2021\/06\/s1-300x93.png\" class=\"image wp-image-942  attachment-medium size-medium\" alt=\"\" style=\"max-width: 100%; height: auto;\" srcset=\"https:\/\/www.dev-sli.fr\/sli\/wp-content\/uploads\/2021\/06\/s1-300x93.png 300w, https:\/\/www.dev-sli.fr\/sli\/wp-content\/uploads\/2021\/06\/s1.png 366w\" sizes=\"auto, (max-width: 300px) 100vw, 300px\" \/><\/div><\/div><div id=\"pgc-260-1-1\"  class=\"panel-grid-cell\" ><div id=\"panel-260-1-1-0\" class=\"so-panel widget widget_text panel-first-child panel-last-child\" data-index=\"2\" >\t\t\t<div class=\"textwidget\"><p><strong>Solutions Informatiques Pc, Workstation, Tablette, serveur, logiciels, LAN, WAN, WIFI, VPN, TSE, Intranet, Extranet&#8230;<\/strong><\/p>\n<ul>\n<li>Audit<\/li>\n<li>Mat\u00e9riel informatique &amp; Bureautique<\/li>\n<li>Solutions d\u2019impression<\/li>\n<li>Maintenance<\/li>\n<li>D\u00e9pannage ponctuel<\/li>\n<\/ul>\n<\/div>\n\t\t<\/div><\/div><\/div><div id=\"pg-260-2\"  class=\"panel-grid panel-no-style\" ><div id=\"pgc-260-2-0\"  class=\"panel-grid-cell\" ><div id=\"panel-260-2-0-0\" class=\"so-panel widget widget_media_image panel-first-child panel-last-child\" data-index=\"3\" ><a href=\"\/sli\/logiciel-ebp\/\"><img loading=\"lazy\" decoding=\"async\" width=\"300\" height=\"89\" src=\"https:\/\/www.dev-sli.fr\/sli\/wp-content\/uploads\/2021\/06\/s2-300x89.png\" class=\"image wp-image-948  attachment-medium size-medium\" alt=\"\" style=\"max-width: 100%; height: auto;\" srcset=\"https:\/\/www.dev-sli.fr\/sli\/wp-content\/uploads\/2021\/06\/s2-300x89.png 300w, https:\/\/www.dev-sli.fr\/sli\/wp-content\/uploads\/2021\/06\/s2.png 379w\" sizes=\"auto, (max-width: 300px) 100vw, 300px\" \/><\/a><\/div><\/div><div id=\"pgc-260-2-1\"  class=\"panel-grid-cell\" ><div id=\"panel-260-2-1-0\" class=\"so-panel widget widget_text panel-first-child panel-last-child\" data-index=\"4\" >\t\t\t<div class=\"textwidget\"><p><strong>Solutions Gestion Pro Gestion commerciale, Comptabilit\u00e9, Paie, Points de vente, B\u00e2timent, Affaire&#8230;<\/strong><\/p>\n<ul>\n<li>Analyse &amp; Conseils<\/li>\n<li>Formation<\/li>\n<li>Maintenance<\/li>\n<li>D\u00e9pannage<\/li>\n<\/ul>\n<\/div>\n\t\t<\/div><\/div><\/div><div id=\"pg-260-3\"  class=\"panel-grid panel-no-style\" ><div id=\"pgc-260-3-0\"  class=\"panel-grid-cell panel-grid-cell-empty panel-grid-cell-mobile-last\" ><\/div><div id=\"pgc-260-3-1\"  class=\"panel-grid-cell panel-grid-cell-empty\" ><\/div><\/div><div id=\"pg-260-4\"  class=\"panel-grid panel-no-style\" ><div id=\"pgc-260-4-0\"  class=\"panel-grid-cell\" ><div id=\"panel-260-4-0-0\" class=\"so-panel widget widget_media_image panel-first-child panel-last-child\" data-index=\"5\" ><a href=\"\/sli\/telecom-web\/\"><img loading=\"lazy\" decoding=\"async\" width=\"300\" height=\"94\" src=\"https:\/\/www.dev-sli.fr\/sli\/wp-content\/uploads\/2021\/06\/s4-300x94.png\" class=\"image wp-image-950  attachment-medium size-medium\" alt=\"\" style=\"max-width: 100%; height: auto;\" srcset=\"https:\/\/www.dev-sli.fr\/sli\/wp-content\/uploads\/2021\/06\/s4-300x94.png 300w, https:\/\/www.dev-sli.fr\/sli\/wp-content\/uploads\/2021\/06\/s4.png 402w\" sizes=\"auto, (max-width: 300px) 100vw, 300px\" \/><\/a><\/div><\/div><div id=\"pgc-260-4-1\"  class=\"panel-grid-cell\" ><div id=\"panel-260-4-1-0\" class=\"so-panel widget widget_text panel-first-child panel-last-child\" data-index=\"6\" >\t\t\t<div class=\"textwidget\"><p><strong>Solutions T\u00e9l\u00e9com &amp; Web Ligne ADSL, SDSL, fibre optique, haut d\u00e9bit, T\u00e9l\u00e9phonie IP<\/strong><\/p>\n<ul>\n<li>Op\u00e9rateur t\u00e9l\u00e9com<\/li>\n<li>T\u00e9l\u00e9phonie IP<\/li>\n<li>Vid\u00e9o IP<\/li>\n<li>Cr\u00e9ation site web<\/li>\n<li>R\u00e9f\u00e9rencement<\/li>\n<li>Outils collaboratifs<\/li>\n<\/ul>\n<\/div>\n\t\t<\/div><\/div><\/div><\/div>","protected":false},"excerpt":{"rendered":"<p>Solutions Informatiques Pc, Workstation, Tablette, serveur, logiciels, LAN, WAN, WIFI, VPN, TSE, Intranet, Extranet&#8230; Audit Mat\u00e9riel informatique &amp; Bureautique Solutions d\u2019impression Maintenance D\u00e9pannage ponctuel<\/p>\n","protected":false},"author":1,"featured_media":0,"parent":0,"menu_order":0,"comment_status":"closed","ping_status":"closed","template":"","meta":{"ngg_post_thumbnail":0,"footnotes":""},"class_list":["post-260","page","type-page","status-publish","hentry"],"yoast_head":"<!-- This site is optimized with the Yoast SEO plugin v23.8 - https:\/\/yoast.com\/wordpress\/plugins\/seo\/ -->\n<title>Nos Domaines de Comp\u00e9tences &#8211; SOLUTION LOGIQUE<\/title>\n<meta name=\"robots\" content=\"index, follow, max-snippet:-1, max-image-preview:large, max-video-preview:-1\" \/>\n<link rel=\"canonical\" href=\"https:\/\/www.dev-sli.fr\/sli\/notre-societe\/\" \/>\n<meta property=\"og:locale\" content=\"fr_FR\" \/>\n<meta property=\"og:type\" content=\"article\" \/>\n<meta property=\"og:title\" content=\"Nos Domaines de Comp\u00e9tences &#8211; SOLUTION LOGIQUE\" \/>\n<meta property=\"og:description\" content=\"Solutions Informatiques Pc, Workstation, Tablette, serveur, logiciels, LAN, WAN, WIFI, VPN, TSE, Intranet, Extranet... Audit Mat\u00e9riel informatique &amp; Bureautique Solutions d\u2019impression Maintenance D\u00e9pannage ponctuel\" \/>\n<meta property=\"og:url\" content=\"https:\/\/www.dev-sli.fr\/sli\/notre-societe\/\" \/>\n<meta property=\"og:site_name\" content=\"SOLUTION LOGIQUE\" \/>\n<meta property=\"article:modified_time\" content=\"2022-03-07T15:10:27+00:00\" \/>\n<meta name=\"twitter:card\" content=\"summary_large_image\" \/>\n<meta name=\"twitter:label1\" content=\"Dur\u00e9e de lecture estim\u00e9e\" \/>\n\t<meta name=\"twitter:data1\" content=\"1 minute\" \/>\n<script type=\"application\/ld+json\" class=\"yoast-schema-graph\">{\"@context\":\"https:\/\/schema.org\",\"@graph\":[{\"@type\":\"WebPage\",\"@id\":\"https:\/\/www.dev-sli.fr\/sli\/notre-societe\/\",\"url\":\"https:\/\/www.dev-sli.fr\/sli\/notre-societe\/\",\"name\":\"Nos Domaines de Comp\u00e9tences &#8211; SOLUTION LOGIQUE\",\"isPartOf\":{\"@id\":\"https:\/\/www.dev-sli.fr\/sli\/#website\"},\"datePublished\":\"2020-12-18T16:03:39+00:00\",\"dateModified\":\"2022-03-07T15:10:27+00:00\",\"breadcrumb\":{\"@id\":\"https:\/\/www.dev-sli.fr\/sli\/notre-societe\/#breadcrumb\"},\"inLanguage\":\"fr-FR\",\"potentialAction\":[{\"@type\":\"ReadAction\",\"target\":[\"https:\/\/www.dev-sli.fr\/sli\/notre-societe\/\"]}]},{\"@type\":\"BreadcrumbList\",\"@id\":\"https:\/\/www.dev-sli.fr\/sli\/notre-societe\/#breadcrumb\",\"itemListElement\":[{\"@type\":\"ListItem\",\"position\":1,\"name\":\"Home\",\"item\":\"https:\/\/www.dev-sli.fr\/sli\/\"},{\"@type\":\"ListItem\",\"position\":2,\"name\":\"Nos Domaines de Comp\u00e9tences\"}]},{\"@type\":\"WebSite\",\"@id\":\"https:\/\/www.dev-sli.fr\/sli\/#website\",\"url\":\"https:\/\/www.dev-sli.fr\/sli\/\",\"name\":\"SOLUTION LOGIQUE\",\"description\":\"Apporteur de solutions innovantes\",\"publisher\":{\"@id\":\"https:\/\/www.dev-sli.fr\/sli\/#organization\"},\"potentialAction\":[{\"@type\":\"SearchAction\",\"target\":{\"@type\":\"EntryPoint\",\"urlTemplate\":\"https:\/\/www.dev-sli.fr\/sli\/?s={search_term_string}\"},\"query-input\":{\"@type\":\"PropertyValueSpecification\",\"valueRequired\":true,\"valueName\":\"search_term_string\"}}],\"inLanguage\":\"fr-FR\"},{\"@type\":\"Organization\",\"@id\":\"https:\/\/www.dev-sli.fr\/sli\/#organization\",\"name\":\"SOLUTION LOGIQUE\",\"url\":\"https:\/\/www.dev-sli.fr\/sli\/\",\"logo\":{\"@type\":\"ImageObject\",\"inLanguage\":\"fr-FR\",\"@id\":\"https:\/\/www.dev-sli.fr\/sli\/#\/schema\/logo\/image\/\",\"url\":\"\",\"contentUrl\":\"\",\"caption\":\"SOLUTION LOGIQUE\"},\"image\":{\"@id\":\"https:\/\/www.dev-sli.fr\/sli\/#\/schema\/logo\/image\/\"}}]}<\/script>\n<!-- \/ Yoast SEO plugin. -->","yoast_head_json":{"title":"Nos Domaines de Comp\u00e9tences &#8211; SOLUTION LOGIQUE","robots":{"index":"index","follow":"follow","max-snippet":"max-snippet:-1","max-image-preview":"max-image-preview:large","max-video-preview":"max-video-preview:-1"},"canonical":"https:\/\/www.dev-sli.fr\/sli\/notre-societe\/","og_locale":"fr_FR","og_type":"article","og_title":"Nos Domaines de Comp\u00e9tences &#8211; SOLUTION LOGIQUE","og_description":"Solutions Informatiques Pc, Workstation, Tablette, serveur, logiciels, LAN, WAN, WIFI, VPN, TSE, Intranet, Extranet... Audit Mat\u00e9riel informatique &amp; Bureautique Solutions d\u2019impression Maintenance D\u00e9pannage ponctuel","og_url":"https:\/\/www.dev-sli.fr\/sli\/notre-societe\/","og_site_name":"SOLUTION LOGIQUE","article_modified_time":"2022-03-07T15:10:27+00:00","twitter_card":"summary_large_image","twitter_misc":{"Dur\u00e9e de lecture estim\u00e9e":"1 minute"},"schema":{"@context":"https:\/\/schema.org","@graph":[{"@type":"WebPage","@id":"https:\/\/www.dev-sli.fr\/sli\/notre-societe\/","url":"https:\/\/www.dev-sli.fr\/sli\/notre-societe\/","name":"Nos Domaines de Comp\u00e9tences &#8211; SOLUTION LOGIQUE","isPartOf":{"@id":"https:\/\/www.dev-sli.fr\/sli\/#website"},"datePublished":"2020-12-18T16:03:39+00:00","dateModified":"2022-03-07T15:10:27+00:00","breadcrumb":{"@id":"https:\/\/www.dev-sli.fr\/sli\/notre-societe\/#breadcrumb"},"inLanguage":"fr-FR","potentialAction":[{"@type":"ReadAction","target":["https:\/\/www.dev-sli.fr\/sli\/notre-societe\/"]}]},{"@type":"BreadcrumbList","@id":"https:\/\/www.dev-sli.fr\/sli\/notre-societe\/#breadcrumb","itemListElement":[{"@type":"ListItem","position":1,"name":"Home","item":"https:\/\/www.dev-sli.fr\/sli\/"},{"@type":"ListItem","position":2,"name":"Nos Domaines de Comp\u00e9tences"}]},{"@type":"WebSite","@id":"https:\/\/www.dev-sli.fr\/sli\/#website","url":"https:\/\/www.dev-sli.fr\/sli\/","name":"SOLUTION LOGIQUE","description":"Apporteur de solutions innovantes","publisher":{"@id":"https:\/\/www.dev-sli.fr\/sli\/#organization"},"potentialAction":[{"@type":"SearchAction","target":{"@type":"EntryPoint","urlTemplate":"https:\/\/www.dev-sli.fr\/sli\/?s={search_term_string}"},"query-input":{"@type":"PropertyValueSpecification","valueRequired":true,"valueName":"search_term_string"}}],"inLanguage":"fr-FR"},{"@type":"Organization","@id":"https:\/\/www.dev-sli.fr\/sli\/#organization","name":"SOLUTION LOGIQUE","url":"https:\/\/www.dev-sli.fr\/sli\/","logo":{"@type":"ImageObject","inLanguage":"fr-FR","@id":"https:\/\/www.dev-sli.fr\/sli\/#\/schema\/logo\/image\/","url":"","contentUrl":"","caption":"SOLUTION LOGIQUE"},"image":{"@id":"https:\/\/www.dev-sli.fr\/sli\/#\/schema\/logo\/image\/"}}]}},"_links":{"self":[{"href":"https:\/\/www.dev-sli.fr\/sli\/wp-json\/wp\/v2\/pages\/260","targetHints":{"allow":["GET"]}}],"collection":[{"href":"https:\/\/www.dev-sli.fr\/sli\/wp-json\/wp\/v2\/pages"}],"about":[{"href":"https:\/\/www.dev-sli.fr\/sli\/wp-json\/wp\/v2\/types\/page"}],"author":[{"embeddable":true,"href":"https:\/\/www.dev-sli.fr\/sli\/wp-json\/wp\/v2\/users\/1"}],"replies":[{"embeddable":true,"href":"https:\/\/www.dev-sli.fr\/sli\/wp-json\/wp\/v2\/comments?post=260"}],"version-history":[{"count":65,"href":"https:\/\/www.dev-sli.fr\/sli\/wp-json\/wp\/v2\/pages\/260\/revisions"}],"predecessor-version":[{"id":1035,"href":"https:\/\/www.dev-sli.fr\/sli\/wp-json\/wp\/v2\/pages\/260\/revisions\/1035"}],"wp:attachment":[{"href":"https:\/\/www.dev-sli.fr\/sli\/wp-json\/wp\/v2\/media?parent=260"}],"curies":[{"name":"wp","href":"https:\/\/api.w.org\/{rel}","templated":true}]}}