{"id":400,"date":"2020-12-29T17:49:38","date_gmt":"2020-12-29T16:49:38","guid":{"rendered":"http:\/\/localhost\/sli\/?page_id=400"},"modified":"2022-03-08T13:44:21","modified_gmt":"2022-03-08T12:44:21","slug":"logiciel-ebp","status":"publish","type":"page","link":"https:\/\/www.dev-sli.fr\/sli\/logiciel-ebp\/","title":{"rendered":"Logiciels EBP"},"content":{"rendered":"\n<div class=\"wp-block-media-text alignwide is-stacked-on-mobile is-vertically-aligned-center\" style=\"grid-template-columns:20% auto\"><figure class=\"wp-block-media-text__media\"><img loading=\"lazy\" decoding=\"async\" width=\"264\" height=\"305\" src=\"http:\/\/localhost\/sli\/wp-content\/uploads\/2021\/01\/certif-elit-2021.jpg\" alt=\"\" class=\"wp-image-745 size-full\" srcset=\"https:\/\/www.dev-sli.fr\/sli\/wp-content\/uploads\/2021\/01\/certif-elit-2021.jpg 264w, https:\/\/www.dev-sli.fr\/sli\/wp-content\/uploads\/2021\/01\/certif-elit-2021-260x300.jpg 260w\" sizes=\"auto, (max-width: 264px) 100vw, 264px\" \/><\/figure><div class=\"wp-block-media-text__content\">\n<p class=\"has-large-font-size\"><strong><span style=\"color:#097dba\" class=\"has-inline-color\">Centre de Formation Certifi\u00e9<\/span><\/strong><\/p>\n\n\n\n<p class=\"has-small-font-size\">Renforcez la comp\u00e9titivit\u00e9 de votre entreprise !<br>Le service de d\u00e9ploiement, vous guide et vous conseille dans vos d\u00e9marches d\u2019analyse et de mise en service personnalis\u00e9e de vos logiciels de gestion d\u2019entreprise. Notre expertise de revendeur certifi\u00e9e renforce votre productivit\u00e9. Nos \u00e9quipes assurent une veille technologique permanente, afin de mieux vous guider. Notre centre de comp\u00e9tences et de solutions reconnues par l\u2019\u00e9diteur EBP, vous apporte la garantie d\u2019une qualit\u00e9 de service et d\u2019une volont\u00e9 de vous soutenir dans le d\u00e9veloppement de vos int\u00e9r\u00eats. Consultez notre \u00e9quipe de passionn\u00e9e toujours \u00e0 l\u2019\u00e9coute.<\/p>\n<\/div><\/div>\n\n\n\n<div style=\"height:20px\" aria-hidden=\"true\" class=\"wp-block-spacer\"><\/div>\n\n\n\n<h2 class=\"has-text-align-center has-vivid-cyan-blue-color has-text-color has-large-font-size wp-block-heading\"><mark style=\"background-color:rgba(0, 0, 0, 0);color:#097dba\" class=\"has-inline-color\">3 gammes de produits<\/mark><\/h2>\n\n\n\n<p class=\"has-small-font-size\">La nouvelle g\u00e9n\u00e9ration de logiciels de Facturation et Comptabilit\u00e9 laisse d\u00e9sormais place \u00e0 une nouvelle identit\u00e9. Le d\u00e9coupage fonctionnel des logiciels que vous connaissez actuellement (Classic, Pro, Ligne PME) fait \u00e9galement peau neuve et sera dor\u00e9navant repr\u00e9sent\u00e9 par les gammes suivantes :<\/p>\n\n\n\n<figure class=\"wp-block-image size-large is-style-default\"><img loading=\"lazy\" decoding=\"async\" width=\"754\" height=\"78\" src=\"http:\/\/localhost\/sli\/wp-content\/uploads\/2020\/12\/gamme-ebp.png\" alt=\"\" class=\"wp-image-475\" srcset=\"https:\/\/www.dev-sli.fr\/sli\/wp-content\/uploads\/2020\/12\/gamme-ebp.png 754w, https:\/\/www.dev-sli.fr\/sli\/wp-content\/uploads\/2020\/12\/gamme-ebp-300x31.png 300w\" sizes=\"auto, (max-width: 754px) 100vw, 754px\" \/><\/figure>\n\n\n\n<h2 class=\"wp-block-heading\"><mark style=\"background-color:rgba(0, 0, 0, 0);color:#097dba\" class=\"has-inline-color\">Gestion &amp; Point de vente<\/mark><\/h2>\n\n\n\n<div class=\"wp-block-media-text alignwide is-stacked-on-mobile\"><figure class=\"wp-block-media-text__media\"><a href=\"\/sli\/wp-content\/uploads\/2020\/12\/gestion-commerciale-elite.pdf\" target=\"_blank\" rel=\"noopener noreferrer\"><img loading=\"lazy\" decoding=\"async\" width=\"652\" height=\"336\" src=\"http:\/\/localhost\/sli\/wp-content\/uploads\/2020\/12\/vignette-gestion-co-elite.jpg\" alt=\"\" class=\"wp-image-421 size-full\" srcset=\"https:\/\/www.dev-sli.fr\/sli\/wp-content\/uploads\/2020\/12\/vignette-gestion-co-elite.jpg 652w, https:\/\/www.dev-sli.fr\/sli\/wp-content\/uploads\/2020\/12\/vignette-gestion-co-elite-300x155.jpg 300w\" sizes=\"auto, (max-width: 652px) 100vw, 652px\" \/><\/a><\/figure><div class=\"wp-block-media-text__content\">\n<p class=\"has-normal-font-size\"><strong>EBP Gestion commerciale<\/strong>&nbsp;est une solution de gestion permettant de maitriser tous les aspects commerciaux de votre entreprise.<br>C\u2019est un logiciel \u00e0 destination de l\u2019ensemble des collaborateurs, du service commercial au service administratif en passant par la technique et la direction<\/p>\n<\/div><\/div>\n\n\n\n<div style=\"height:20px\" aria-hidden=\"true\" class=\"wp-block-spacer\"><\/div>\n\n\n\n<h2 class=\"wp-block-heading\"><mark style=\"background-color:rgba(0, 0, 0, 0);color:#097dba\" class=\"has-inline-color\">Comptabilit\u00e9<\/mark><\/h2>\n\n\n\n<div class=\"wp-block-media-text alignwide has-media-on-the-right is-stacked-on-mobile\"><figure class=\"wp-block-media-text__media\"><a href=\"\/sli\/wp-content\/uploads\/2020\/12\/compta-elite-1.pdf\" target=\"_blank\" rel=\"noopener noreferrer\"><img loading=\"lazy\" decoding=\"async\" width=\"652\" height=\"336\" src=\"http:\/\/localhost\/sli\/wp-content\/uploads\/2020\/12\/vignette-compta-elite.jpg\" alt=\"\" class=\"wp-image-445 size-full\" srcset=\"https:\/\/www.dev-sli.fr\/sli\/wp-content\/uploads\/2020\/12\/vignette-compta-elite.jpg 652w, https:\/\/www.dev-sli.fr\/sli\/wp-content\/uploads\/2020\/12\/vignette-compta-elite-300x155.jpg 300w\" sizes=\"auto, (max-width: 652px) 100vw, 652px\" \/><\/a><\/figure><div class=\"wp-block-media-text__content\">\n<p class=\"has-normal-font-size\"><strong>EBP Comptabilit\u00e9<\/strong>&nbsp;est une solution qui vous permet de tenir votre comptabilit\u00e9 g\u00e9n\u00e9rale et analytique.<br>L\u2019\u00e9change des donn\u00e9es entre le logiciel EBP et la solution d\u2019un cabinet d\u2019Expert-Comptable est int\u00e9gr\u00e9 gr\u00e2ce \u00e0 l\u2019outil de Communication Entreprise-Expert.<\/p>\n<\/div><\/div>\n\n\n\n<h2 class=\"wp-block-heading\"><mark style=\"background-color:rgba(0, 0, 0, 0);color:#097dba\" class=\"has-inline-color\">Batiment<\/mark><\/h2>\n\n\n\n<div class=\"wp-block-media-text alignwide has-media-on-the-right is-stacked-on-mobile\"><figure class=\"wp-block-media-text__media\"><a href=\"\/sli\/wp-content\/uploads\/2020\/12\/gestion-batiment-2021.pdf\" target=\"_blank\" rel=\"noopener noreferrer\"><img loading=\"lazy\" decoding=\"async\" width=\"652\" height=\"414\" src=\"http:\/\/localhost\/sli\/wp-content\/uploads\/2020\/12\/cta-ebp-batiment-2-1.jpg\" alt=\"\" class=\"wp-image-473 size-full\" srcset=\"https:\/\/www.dev-sli.fr\/sli\/wp-content\/uploads\/2020\/12\/cta-ebp-batiment-2-1.jpg 652w, https:\/\/www.dev-sli.fr\/sli\/wp-content\/uploads\/2020\/12\/cta-ebp-batiment-2-1-300x190.jpg 300w\" sizes=\"auto, (max-width: 652px) 100vw, 652px\" \/><\/a><\/figure><div class=\"wp-block-media-text__content\">\n<p class=\"has-normal-font-size\"><strong>EBP B\u00e2timent<\/strong>&nbsp;est une solution adapt\u00e9e aux sp\u00e9cificit\u00e9s des m\u00e9tiers du b\u00e2timent, personnalisable, que vous soyez artisans ou g\u00e9rant d\u2019une PME.<br>C\u2019est un&nbsp;logiciel&nbsp;de gestion puissant et riche en fonctionnalit\u00e9s qui vous permet de g\u00e9rer l\u2019int\u00e9gralit\u00e9 de votre activit\u00e9 commerciale :<\/p>\n<\/div><\/div>\n\n\n\n<div class=\"wp-block-columns is-layout-flex wp-container-core-columns-is-layout-9d6595d7 wp-block-columns-is-layout-flex\">\n<div class=\"wp-block-column is-layout-flow wp-block-column-is-layout-flow\">\n<div class=\"wp-block-buttons is-layout-flex wp-block-buttons-is-layout-flex\">\n<div class=\"wp-block-button\"><a class=\"wp-block-button__link has-background\" href=\"\/sli\/formation\/\" style=\"background-color:#097dba\" target=\"_blank\" rel=\"noreferrer noopener\">Formation EBP<\/a><\/div>\n<\/div>\n<\/div>\n\n\n\n<div class=\"wp-block-column is-layout-flow wp-block-column-is-layout-flow\">\n<div class=\"wp-block-buttons is-layout-flex wp-block-buttons-is-layout-flex\">\n<div class=\"wp-block-button\"><a class=\"wp-block-button__link has-background\" href=\"\/sli\/rejoindre-solution-logique\/contactez-nous\/\" style=\"background-color:#097dba\" target=\"_blank\" rel=\"noreferrer noopener\">Contacter nous<\/a><\/div>\n<\/div>\n<\/div>\n<\/div>\n","protected":false},"excerpt":{"rendered":"<p>Centre de Formation Certifi\u00e9 Renforcez la comp\u00e9titivit\u00e9 de votre entreprise !Le service de d\u00e9ploiement, vous guide et vous conseille dans vos d\u00e9marches d\u2019analyse et de mise en service personnalis\u00e9e de vos logiciels de gestion d\u2019entreprise. Notre expertise de revendeur certifi\u00e9e renforce votre productivit\u00e9. Nos \u00e9quipes assurent une veille technologique permanente, afin de mieux vous guider. [&hellip;]<\/p>\n","protected":false},"author":1,"featured_media":0,"parent":0,"menu_order":0,"comment_status":"closed","ping_status":"closed","template":"","meta":{"ngg_post_thumbnail":0,"footnotes":""},"class_list":["post-400","page","type-page","status-publish","hentry"],"yoast_head":"<!-- This site is optimized with the Yoast SEO plugin v23.8 - https:\/\/yoast.com\/wordpress\/plugins\/seo\/ -->\n<title>Logiciels EBP &#8211; SOLUTION LOGIQUE<\/title>\n<meta name=\"robots\" content=\"index, follow, max-snippet:-1, max-image-preview:large, max-video-preview:-1\" \/>\n<link rel=\"canonical\" href=\"https:\/\/www.dev-sli.fr\/sli\/logiciel-ebp\/\" \/>\n<meta property=\"og:locale\" content=\"fr_FR\" \/>\n<meta property=\"og:type\" content=\"article\" \/>\n<meta property=\"og:title\" content=\"Logiciels EBP &#8211; SOLUTION LOGIQUE\" \/>\n<meta property=\"og:description\" content=\"Centre de Formation Certifi\u00e9 Renforcez la comp\u00e9titivit\u00e9 de votre entreprise !Le service de d\u00e9ploiement, vous guide et vous conseille dans vos d\u00e9marches d\u2019analyse et de mise en service personnalis\u00e9e de vos logiciels de gestion d\u2019entreprise. Notre expertise de revendeur certifi\u00e9e renforce votre productivit\u00e9. Nos \u00e9quipes assurent une veille technologique permanente, afin de mieux vous guider. [&hellip;]\" \/>\n<meta property=\"og:url\" content=\"https:\/\/www.dev-sli.fr\/sli\/logiciel-ebp\/\" \/>\n<meta property=\"og:site_name\" content=\"SOLUTION LOGIQUE\" \/>\n<meta property=\"article:modified_time\" content=\"2022-03-08T12:44:21+00:00\" \/>\n<meta property=\"og:image\" content=\"http:\/\/localhost\/sli\/wp-content\/uploads\/2021\/01\/certif-elit-2021.jpg\" \/>\n<meta name=\"twitter:card\" content=\"summary_large_image\" \/>\n<meta name=\"twitter:label1\" content=\"Dur\u00e9e de lecture estim\u00e9e\" \/>\n\t<meta name=\"twitter:data1\" content=\"3 minutes\" \/>\n<script type=\"application\/ld+json\" class=\"yoast-schema-graph\">{\"@context\":\"https:\/\/schema.org\",\"@graph\":[{\"@type\":\"WebPage\",\"@id\":\"https:\/\/www.dev-sli.fr\/sli\/logiciel-ebp\/\",\"url\":\"https:\/\/www.dev-sli.fr\/sli\/logiciel-ebp\/\",\"name\":\"Logiciels EBP &#8211; SOLUTION LOGIQUE\",\"isPartOf\":{\"@id\":\"https:\/\/www.dev-sli.fr\/sli\/#website\"},\"primaryImageOfPage\":{\"@id\":\"https:\/\/www.dev-sli.fr\/sli\/logiciel-ebp\/#primaryimage\"},\"image\":{\"@id\":\"https:\/\/www.dev-sli.fr\/sli\/logiciel-ebp\/#primaryimage\"},\"thumbnailUrl\":\"http:\/\/localhost\/sli\/wp-content\/uploads\/2021\/01\/certif-elit-2021.jpg\",\"datePublished\":\"2020-12-29T16:49:38+00:00\",\"dateModified\":\"2022-03-08T12:44:21+00:00\",\"breadcrumb\":{\"@id\":\"https:\/\/www.dev-sli.fr\/sli\/logiciel-ebp\/#breadcrumb\"},\"inLanguage\":\"fr-FR\",\"potentialAction\":[{\"@type\":\"ReadAction\",\"target\":[\"https:\/\/www.dev-sli.fr\/sli\/logiciel-ebp\/\"]}]},{\"@type\":\"ImageObject\",\"inLanguage\":\"fr-FR\",\"@id\":\"https:\/\/www.dev-sli.fr\/sli\/logiciel-ebp\/#primaryimage\",\"url\":\"http:\/\/localhost\/sli\/wp-content\/uploads\/2021\/01\/certif-elit-2021.jpg\",\"contentUrl\":\"http:\/\/localhost\/sli\/wp-content\/uploads\/2021\/01\/certif-elit-2021.jpg\"},{\"@type\":\"BreadcrumbList\",\"@id\":\"https:\/\/www.dev-sli.fr\/sli\/logiciel-ebp\/#breadcrumb\",\"itemListElement\":[{\"@type\":\"ListItem\",\"position\":1,\"name\":\"Home\",\"item\":\"https:\/\/www.dev-sli.fr\/sli\/\"},{\"@type\":\"ListItem\",\"position\":2,\"name\":\"Logiciels EBP\"}]},{\"@type\":\"WebSite\",\"@id\":\"https:\/\/www.dev-sli.fr\/sli\/#website\",\"url\":\"https:\/\/www.dev-sli.fr\/sli\/\",\"name\":\"SOLUTION LOGIQUE\",\"description\":\"Apporteur de solutions innovantes\",\"publisher\":{\"@id\":\"https:\/\/www.dev-sli.fr\/sli\/#organization\"},\"potentialAction\":[{\"@type\":\"SearchAction\",\"target\":{\"@type\":\"EntryPoint\",\"urlTemplate\":\"https:\/\/www.dev-sli.fr\/sli\/?s={search_term_string}\"},\"query-input\":{\"@type\":\"PropertyValueSpecification\",\"valueRequired\":true,\"valueName\":\"search_term_string\"}}],\"inLanguage\":\"fr-FR\"},{\"@type\":\"Organization\",\"@id\":\"https:\/\/www.dev-sli.fr\/sli\/#organization\",\"name\":\"SOLUTION LOGIQUE\",\"url\":\"https:\/\/www.dev-sli.fr\/sli\/\",\"logo\":{\"@type\":\"ImageObject\",\"inLanguage\":\"fr-FR\",\"@id\":\"https:\/\/www.dev-sli.fr\/sli\/#\/schema\/logo\/image\/\",\"url\":\"\",\"contentUrl\":\"\",\"caption\":\"SOLUTION LOGIQUE\"},\"image\":{\"@id\":\"https:\/\/www.dev-sli.fr\/sli\/#\/schema\/logo\/image\/\"}}]}<\/script>\n<!-- \/ Yoast SEO plugin. -->","yoast_head_json":{"title":"Logiciels EBP &#8211; SOLUTION LOGIQUE","robots":{"index":"index","follow":"follow","max-snippet":"max-snippet:-1","max-image-preview":"max-image-preview:large","max-video-preview":"max-video-preview:-1"},"canonical":"https:\/\/www.dev-sli.fr\/sli\/logiciel-ebp\/","og_locale":"fr_FR","og_type":"article","og_title":"Logiciels EBP &#8211; SOLUTION LOGIQUE","og_description":"Centre de Formation Certifi\u00e9 Renforcez la comp\u00e9titivit\u00e9 de votre entreprise !Le service de d\u00e9ploiement, vous guide et vous conseille dans vos d\u00e9marches d\u2019analyse et de mise en service personnalis\u00e9e de vos logiciels de gestion d\u2019entreprise. Notre expertise de revendeur certifi\u00e9e renforce votre productivit\u00e9. Nos \u00e9quipes assurent une veille technologique permanente, afin de mieux vous guider. [&hellip;]","og_url":"https:\/\/www.dev-sli.fr\/sli\/logiciel-ebp\/","og_site_name":"SOLUTION LOGIQUE","article_modified_time":"2022-03-08T12:44:21+00:00","og_image":[{"url":"http:\/\/localhost\/sli\/wp-content\/uploads\/2021\/01\/certif-elit-2021.jpg"}],"twitter_card":"summary_large_image","twitter_misc":{"Dur\u00e9e de lecture estim\u00e9e":"3 minutes"},"schema":{"@context":"https:\/\/schema.org","@graph":[{"@type":"WebPage","@id":"https:\/\/www.dev-sli.fr\/sli\/logiciel-ebp\/","url":"https:\/\/www.dev-sli.fr\/sli\/logiciel-ebp\/","name":"Logiciels EBP &#8211; SOLUTION LOGIQUE","isPartOf":{"@id":"https:\/\/www.dev-sli.fr\/sli\/#website"},"primaryImageOfPage":{"@id":"https:\/\/www.dev-sli.fr\/sli\/logiciel-ebp\/#primaryimage"},"image":{"@id":"https:\/\/www.dev-sli.fr\/sli\/logiciel-ebp\/#primaryimage"},"thumbnailUrl":"http:\/\/localhost\/sli\/wp-content\/uploads\/2021\/01\/certif-elit-2021.jpg","datePublished":"2020-12-29T16:49:38+00:00","dateModified":"2022-03-08T12:44:21+00:00","breadcrumb":{"@id":"https:\/\/www.dev-sli.fr\/sli\/logiciel-ebp\/#breadcrumb"},"inLanguage":"fr-FR","potentialAction":[{"@type":"ReadAction","target":["https:\/\/www.dev-sli.fr\/sli\/logiciel-ebp\/"]}]},{"@type":"ImageObject","inLanguage":"fr-FR","@id":"https:\/\/www.dev-sli.fr\/sli\/logiciel-ebp\/#primaryimage","url":"http:\/\/localhost\/sli\/wp-content\/uploads\/2021\/01\/certif-elit-2021.jpg","contentUrl":"http:\/\/localhost\/sli\/wp-content\/uploads\/2021\/01\/certif-elit-2021.jpg"},{"@type":"BreadcrumbList","@id":"https:\/\/www.dev-sli.fr\/sli\/logiciel-ebp\/#breadcrumb","itemListElement":[{"@type":"ListItem","position":1,"name":"Home","item":"https:\/\/www.dev-sli.fr\/sli\/"},{"@type":"ListItem","position":2,"name":"Logiciels EBP"}]},{"@type":"WebSite","@id":"https:\/\/www.dev-sli.fr\/sli\/#website","url":"https:\/\/www.dev-sli.fr\/sli\/","name":"SOLUTION LOGIQUE","description":"Apporteur de solutions innovantes","publisher":{"@id":"https:\/\/www.dev-sli.fr\/sli\/#organization"},"potentialAction":[{"@type":"SearchAction","target":{"@type":"EntryPoint","urlTemplate":"https:\/\/www.dev-sli.fr\/sli\/?s={search_term_string}"},"query-input":{"@type":"PropertyValueSpecification","valueRequired":true,"valueName":"search_term_string"}}],"inLanguage":"fr-FR"},{"@type":"Organization","@id":"https:\/\/www.dev-sli.fr\/sli\/#organization","name":"SOLUTION LOGIQUE","url":"https:\/\/www.dev-sli.fr\/sli\/","logo":{"@type":"ImageObject","inLanguage":"fr-FR","@id":"https:\/\/www.dev-sli.fr\/sli\/#\/schema\/logo\/image\/","url":"","contentUrl":"","caption":"SOLUTION LOGIQUE"},"image":{"@id":"https:\/\/www.dev-sli.fr\/sli\/#\/schema\/logo\/image\/"}}]}},"_links":{"self":[{"href":"https:\/\/www.dev-sli.fr\/sli\/wp-json\/wp\/v2\/pages\/400","targetHints":{"allow":["GET"]}}],"collection":[{"href":"https:\/\/www.dev-sli.fr\/sli\/wp-json\/wp\/v2\/pages"}],"about":[{"href":"https:\/\/www.dev-sli.fr\/sli\/wp-json\/wp\/v2\/types\/page"}],"author":[{"embeddable":true,"href":"https:\/\/www.dev-sli.fr\/sli\/wp-json\/wp\/v2\/users\/1"}],"replies":[{"embeddable":true,"href":"https:\/\/www.dev-sli.fr\/sli\/wp-json\/wp\/v2\/comments?post=400"}],"version-history":[{"count":49,"href":"https:\/\/www.dev-sli.fr\/sli\/wp-json\/wp\/v2\/pages\/400\/revisions"}],"predecessor-version":[{"id":1046,"href":"https:\/\/www.dev-sli.fr\/sli\/wp-json\/wp\/v2\/pages\/400\/revisions\/1046"}],"wp:attachment":[{"href":"https:\/\/www.dev-sli.fr\/sli\/wp-json\/wp\/v2\/media?parent=400"}],"curies":[{"name":"wp","href":"https:\/\/api.w.org\/{rel}","templated":true}]}}